{"id":9622,"date":"2024-11-15T14:07:34","date_gmt":"2024-11-15T13:07:34","guid":{"rendered":"https:\/\/kanga.exchange\/shop\/?post_type=product&#038;p=9622"},"modified":"2025-01-09T23:13:05","modified_gmt":"2025-01-09T22:13:05","slug":"skarpetki-dogecoin","status":"publish","type":"product","link":"https:\/\/kanga.exchange\/shop\/produkt\/skarpetki-dogecoin\/","title":{"rendered":"Skarpetki DogeCoin"},"content":{"rendered":"<p><span style=\"font-weight: 400;\">Coraz cz\u0119\u015bciej wybieramy skarpetki z ciekawymi, kolorowymi wzorami, kt\u00f3re wyr\u00f3\u017cniaj\u0105 si\u0119 na tle jednolitych, klasycznych modeli. Skarpetki DogeCoin to wyj\u0105tkowy produkt, inspirowany s\u0142ynnym tokenem DogeCoin. Dogecoin to kryptowaluta, kt\u00f3ra powsta\u0142a w 2013 roku jako \u017cart, bazuj\u0105c na popularnym memie z psem rasy Shiba Inu. Z czasem sta\u0142a si\u0119 symbolem spo\u0142eczno\u015bci i licznych inicjatyw. Podobnie jak inne kryptowaluty, Dogecoin opiera si\u0119 na technologii blockchain i zosta\u0142 zbudowany na architekturze Litecoin.<\/span><\/p>\n<p><span style=\"font-weight: 400;\">Te oryginalne skarpetki DogeCoin wykonano z wysokogatunkowej bawe\u0142ny, co gwarantuje ich trwa\u0142o\u015b\u0107 i komfort. Elastyczny \u015bci\u0105gacz dba o to, by skarpetki nie zsuwa\u0142y si\u0119 podczas noszenia, zapewniaj\u0105c idealne dopasowanie. Dost\u0119pne s\u0105 w rozmiarze 39-42.<\/span><\/p>\n<p><b>Produkcja:<\/b><span style=\"font-weight: 400;\"> Polska, Unia Europejska<\/span><\/p>\n<p><b>Jak dba\u0107 o skarpetki, by d\u0142ugo zachowa\u0142y idealny kolor i trwa\u0142o\u015b\u0107?<\/b><\/p>\n<ul>\n<li style=\"font-weight: 400;\" aria-level=\"1\"><span style=\"font-weight: 400;\">Pierz skarpetki w temperaturze maksymalnie 30\u00b0C<\/span><\/li>\n<li style=\"font-weight: 400;\" aria-level=\"1\"><span style=\"font-weight: 400;\">Susz je w pozycji pionowej<\/span><\/li>\n<li style=\"font-weight: 400;\" aria-level=\"1\"><span style=\"font-weight: 400;\">Unikaj suszenia b\u0119bnowego<\/span><\/li>\n<li style=\"font-weight: 400;\" aria-level=\"1\"><span style=\"font-weight: 400;\">Oszcz\u0119d\u017a czas \u2013 kolorowych skarpetek nie trzeba prasowa\u0107 \ud83d\ude42<\/span><\/li>\n<li style=\"font-weight: 400;\" aria-level=\"1\"><span style=\"font-weight: 400;\">Unikaj wybielaczy<\/span><\/li>\n<\/ul>\n","protected":false},"excerpt":{"rendered":"<p>Coraz cz\u0119\u015bciej wybieramy skarpetki z ciekawymi, kolorowymi wzorami, kt\u00f3re wyr\u00f3\u017cniaj\u0105 si\u0119 na tle jednolitych, klasycznych modeli. Skarpetki DogeCoin to wyj\u0105tkowy produkt, inspirowany s\u0142ynnym tokenem DogeCoin. Dogecoin to kryptowaluta, kt\u00f3ra powsta\u0142a w 2013 roku jako \u017cart, bazuj\u0105c na popularnym memie z psem rasy Shiba Inu. Z czasem sta\u0142a si\u0119 symbolem spo\u0142eczno\u015bci i licznych inicjatyw. Podobnie jak [&hellip;]<\/p>\n","protected":false},"featured_media":9621,"comment_status":"open","ping_status":"closed","template":"","meta":{"inline_featured_image":false},"product_brand":[],"product_cat":[153,168],"product_tag":[],"class_list":{"0":"post-9622","1":"product","2":"type-product","3":"status-publish","4":"has-post-thumbnail","6":"product_cat-odzieziakcesoria","7":"product_cat-skarpetki","9":"first","10":"instock","11":"taxable","12":"shipping-taxable","13":"purchasable","14":"product-type-simple"},"_links":{"self":[{"href":"https:\/\/kanga.exchange\/shop\/wp-json\/wp\/v2\/product\/9622","targetHints":{"allow":["GET"]}}],"collection":[{"href":"https:\/\/kanga.exchange\/shop\/wp-json\/wp\/v2\/product"}],"about":[{"href":"https:\/\/kanga.exchange\/shop\/wp-json\/wp\/v2\/types\/product"}],"replies":[{"embeddable":true,"href":"https:\/\/kanga.exchange\/shop\/wp-json\/wp\/v2\/comments?post=9622"}],"wp:featuredmedia":[{"embeddable":true,"href":"https:\/\/kanga.exchange\/shop\/wp-json\/wp\/v2\/media\/9621"}],"wp:attachment":[{"href":"https:\/\/kanga.exchange\/shop\/wp-json\/wp\/v2\/media?parent=9622"}],"wp:term":[{"taxonomy":"product_brand","embeddable":true,"href":"https:\/\/kanga.exchange\/shop\/wp-json\/wp\/v2\/product_brand?post=9622"},{"taxonomy":"product_cat","embeddable":true,"href":"https:\/\/kanga.exchange\/shop\/wp-json\/wp\/v2\/product_cat?post=9622"},{"taxonomy":"product_tag","embeddable":true,"href":"https:\/\/kanga.exchange\/shop\/wp-json\/wp\/v2\/product_tag?post=9622"}],"curies":[{"name":"wp","href":"https:\/\/api.w.org\/{rel}","templated":true}]}}