{"id":8535,"date":"2024-09-10T13:33:50","date_gmt":"2024-09-10T11:33:50","guid":{"rendered":"https:\/\/kanga.exchange\/shop\/?post_type=product&#038;p=8535"},"modified":"2025-01-09T23:13:13","modified_gmt":"2025-01-09T22:13:13","slug":"koszulka-its-a-good-day","status":"publish","type":"product","link":"https:\/\/kanga.exchange\/shop\/produkt\/koszulka-its-a-good-day\/","title":{"rendered":"Koszulka It\u2019s a Good Day"},"content":{"rendered":"<p><span style=\"font-weight: 400;\">Koszulka, kt\u00f3ra \u0142\u0105czy styl z przes\u0142aniem edukacyjnym z napisem \u201eAlways it\u2019s a good day for Kanga University\u201d symbolizuje, \u017ce ka\u017cdy dzie\u0144 jest idealny na nauk\u0119 o kryptowalutach i blockchainie, dzi\u0119ki naszej platformie szkoleniowej.<\/span><\/p>\n<p><b>Szczeg\u00f3\u0142y produktu:<\/b><\/p>\n<ul>\n<li style=\"font-weight: 400;\" aria-level=\"1\"><span style=\"font-weight: 400;\">Kolor: czarny<\/span><\/li>\n<li style=\"font-weight: 400;\" aria-level=\"1\"><span style=\"font-weight: 400;\">Materia\u0142: 100% bawe\u0142na<\/span><\/li>\n<li style=\"font-weight: 400;\" aria-level=\"1\"><span style=\"font-weight: 400;\">Rozmiary: S, M, L, XL<\/span><\/li>\n<li style=\"font-weight: 400;\" aria-level=\"1\"><span style=\"font-weight: 400;\">Kr\u00f3tki r\u0119kaw<\/span><\/li>\n<li style=\"font-weight: 400;\" aria-level=\"1\"><span style=\"font-weight: 400;\">Styl: unisex \u2013 idealna dla kobiet i m\u0119\u017cczyzn<\/span><\/li>\n<\/ul>\n<p><span style=\"font-weight: 400;\">Koszulka jest wygodna i uniwersalna, \u015bwietna zar\u00f3wno do codziennego noszenia, jak i jako element casualowego stylu!<\/span><\/p>\n","protected":false},"excerpt":{"rendered":"<p>Koszulka \u201cAlways it\u2019s a good day for Kanga University\u201d<\/p>\n<p><span style=\"font-weight: 400;\">P\u0142atno\u015b\u0107 Kanga Pay daje rabat -15%<\/span><\/p>\n","protected":false},"featured_media":8534,"comment_status":"open","ping_status":"closed","template":"","meta":{"inline_featured_image":false},"product_brand":[],"product_cat":[153,54],"product_tag":[],"class_list":{"0":"post-8535","1":"product","2":"type-product","3":"status-publish","4":"has-post-thumbnail","6":"product_cat-odzieziakcesoria","7":"product_cat-t-shirty","8":"pa_size-l-pl","9":"pa_size-m-pl","10":"pa_size-s-pl","11":"pa_size-xl-pl","13":"first","14":"instock","15":"taxable","16":"shipping-taxable","17":"purchasable","18":"product-type-variable","19":"has-default-attributes"},"_links":{"self":[{"href":"https:\/\/kanga.exchange\/shop\/wp-json\/wp\/v2\/product\/8535","targetHints":{"allow":["GET"]}}],"collection":[{"href":"https:\/\/kanga.exchange\/shop\/wp-json\/wp\/v2\/product"}],"about":[{"href":"https:\/\/kanga.exchange\/shop\/wp-json\/wp\/v2\/types\/product"}],"replies":[{"embeddable":true,"href":"https:\/\/kanga.exchange\/shop\/wp-json\/wp\/v2\/comments?post=8535"}],"wp:featuredmedia":[{"embeddable":true,"href":"https:\/\/kanga.exchange\/shop\/wp-json\/wp\/v2\/media\/8534"}],"wp:attachment":[{"href":"https:\/\/kanga.exchange\/shop\/wp-json\/wp\/v2\/media?parent=8535"}],"wp:term":[{"taxonomy":"product_brand","embeddable":true,"href":"https:\/\/kanga.exchange\/shop\/wp-json\/wp\/v2\/product_brand?post=8535"},{"taxonomy":"product_cat","embeddable":true,"href":"https:\/\/kanga.exchange\/shop\/wp-json\/wp\/v2\/product_cat?post=8535"},{"taxonomy":"product_tag","embeddable":true,"href":"https:\/\/kanga.exchange\/shop\/wp-json\/wp\/v2\/product_tag?post=8535"}],"curies":[{"name":"wp","href":"https:\/\/api.w.org\/{rel}","templated":true}]}}