{"id":7896,"date":"2024-06-17T11:00:24","date_gmt":"2024-06-17T09:00:24","guid":{"rendered":"https:\/\/kanga.exchange\/shop\/?post_type=product&#038;p=7896"},"modified":"2024-09-12T13:44:31","modified_gmt":"2024-09-12T11:44:31","slug":"torba-materialowa-knf-niebieska","status":"publish","type":"product","link":"https:\/\/kanga.exchange\/shop\/produkt\/torba-materialowa-knf-niebieska\/","title":{"rendered":"Torba materia\u0142owa KNF"},"content":{"rendered":"<p><span style=\"font-weight: 400;\">Co przychodzi Wam na my\u015bl, kiedy s\u0142yszycie has\u0142o &#8222;Kanga Na Fali&#8221;?<\/span><\/p>\n<p><span style=\"font-weight: 400;\">Rozpalaj\u0105ce swoj\u0105 oran\u017cow\u0105 barw\u0105 s\u0142o\u0144ce? Harmoniczne fale, kojarz\u0105ce si\u0119 ze spokojem ducha i stabilizacj\u0105?<\/span><\/p>\n<p><span style=\"font-weight: 400;\">Kultowy serial &#8222;\u017bycie Na Fali&#8221;? Za to na pewno nie utw\u00f3r &#8222;Nie Ma Fal&#8221; Dawida Podsiad\u0142o, gdy\u017c dla nas fale zawsze si\u0119 wzbijaj\u0105.<\/span><\/p>\n<p><span style=\"font-weight: 400;\">Bez wzgl\u0119du na skojarzenia, mo\u017cecie teraz podziwia\u0107 kangow\u0105 fal\u0119 o ka\u017cdej porze roku dzi\u0119ki naszej torbie nieskazitelnej jako\u015bci. Wykonana w 100% z bawe\u0142ny, o wymiarach 43 cm x 37 cm.<\/span><\/p>\n<p><span style=\"font-weight: 400;\">PS: Pr\u00f3bowali\u015bcie wpisa\u0107 w wyszukiwark\u0119 domen\u0119 knf.pl? Je\u015bli nie, to polecamy!\u00a0<\/span><\/p>\n","protected":false},"excerpt":{"rendered":"<p>Torba materia\u0142owa &#8222;Kanga na fali&#8221;.<\/p>\n<p><span style=\"font-weight: 400;\">P\u0142atno\u015b\u0107 Kanga Pay daje rabat -15%.<\/span><\/p>\n","protected":false},"featured_media":7933,"comment_status":"open","ping_status":"closed","template":"","meta":{"inline_featured_image":false},"product_brand":[],"product_cat":[153,112],"product_tag":[],"class_list":{"0":"post-7896","1":"product","2":"type-product","3":"status-publish","4":"has-post-thumbnail","6":"product_cat-odzieziakcesoria","7":"product_cat-torbamaterialowa-plecaki-worki","9":"first","10":"instock","11":"taxable","12":"shipping-taxable","13":"purchasable","14":"product-type-simple"},"_links":{"self":[{"href":"https:\/\/kanga.exchange\/shop\/wp-json\/wp\/v2\/product\/7896","targetHints":{"allow":["GET"]}}],"collection":[{"href":"https:\/\/kanga.exchange\/shop\/wp-json\/wp\/v2\/product"}],"about":[{"href":"https:\/\/kanga.exchange\/shop\/wp-json\/wp\/v2\/types\/product"}],"replies":[{"embeddable":true,"href":"https:\/\/kanga.exchange\/shop\/wp-json\/wp\/v2\/comments?post=7896"}],"wp:featuredmedia":[{"embeddable":true,"href":"https:\/\/kanga.exchange\/shop\/wp-json\/wp\/v2\/media\/7933"}],"wp:attachment":[{"href":"https:\/\/kanga.exchange\/shop\/wp-json\/wp\/v2\/media?parent=7896"}],"wp:term":[{"taxonomy":"product_brand","embeddable":true,"href":"https:\/\/kanga.exchange\/shop\/wp-json\/wp\/v2\/product_brand?post=7896"},{"taxonomy":"product_cat","embeddable":true,"href":"https:\/\/kanga.exchange\/shop\/wp-json\/wp\/v2\/product_cat?post=7896"},{"taxonomy":"product_tag","embeddable":true,"href":"https:\/\/kanga.exchange\/shop\/wp-json\/wp\/v2\/product_tag?post=7896"}],"curies":[{"name":"wp","href":"https:\/\/api.w.org\/{rel}","templated":true}]}}

Torba materiałowa KNF

<p><span style="font-weight: 400;">Co przychodzi Wam na myśl, kiedy słyszycie hasło &#8222;Kanga Na Fali&#8221;?</span></p>
<p><span style="font-weight: 400;">Rozpalające swoją oranżową barwą słońce? Harmoniczne fale, kojarzące się ze spokojem ducha i stabilizacją?</span></p>
<p><span style="font-weight: 400;">Kultowy serial &#8222;Życie Na Fali&#8221;? Za to na pewno nie utwór &#8222;Nie Ma Fal&#8221; Dawida Podsiadło, gdyż dla nas fale zawsze się wzbijają.</span></p>
<p><span style="font-weight: 400;">Bez względu na skojarzenia, możecie teraz podziwiać kangową falę o każdej porze roku dzięki naszej torbie nieskazitelnej jakości. Wykonana w 100% z bawełny, o wymiarach 43 cm x 37 cm.</span></p>
<p><span style="font-weight: 400;">PS: Próbowaliście wpisać w wyszukiwarkę domenę knf.pl? Jeśli nie, to polecamy! </span></p>

<p>Torba materiałowa &#8222;Kanga na fali&#8221;.</p>
<p><span style="font-weight: 400;">Płatność Kanga Pay daje rabat -15%.</span></p>
