{"id":7890,"date":"2024-06-17T10:58:06","date_gmt":"2024-06-17T08:58:06","guid":{"rendered":"https:\/\/kanga.exchange\/shop\/?post_type=product&#038;p=7890"},"modified":"2024-09-12T13:45:10","modified_gmt":"2024-09-12T11:45:10","slug":"koszulka-meska-kng","status":"publish","type":"product","link":"https:\/\/kanga.exchange\/shop\/produkt\/koszulka-meska-kng\/","title":{"rendered":"Koszulka m\u0119ska KNG"},"content":{"rendered":"<p><span style=\"font-weight: 400;\">Co przychodzi Wam na my\u015bl, kiedy s\u0142yszycie has\u0142o &#8222;Kanga Na Fali&#8221;?<\/span><\/p>\n<p><span style=\"font-weight: 400;\">Rozpalaj\u0105ce swoj\u0105 oran\u017cow\u0105 barw\u0105 s\u0142o\u0144ce? Harmoniczne fale, kojarz\u0105ce si\u0119 ze spokojem ducha i stabilizacj\u0105?<\/span><\/p>\n<p><span style=\"font-weight: 400;\">Kultowy serial &#8222;\u017bycie Na Fali&#8221;? Za to na pewno nie utw\u00f3r &#8222;Nie Ma Fal&#8221; Dawida Podsiad\u0142o, gdy\u017c dla nas fale zawsze si\u0119 wzbijaj\u0105.<\/span><\/p>\n<p><span style=\"font-weight: 400;\">Bez wzgl\u0119du na por\u0119 roku, mo\u017cecie teraz podziwia\u0107 kangow\u0105 fal\u0119 dzi\u0119ki naszej koszulce dost\u0119pnej w rozmiarach S, M i XL. Wykonana z wysokiej jako\u015bci materia\u0142u, oferujemy j\u0105 w eleganckim, bia\u0142ym kolorze.<\/span><\/p>\n<p><span style=\"font-weight: 400;\">PS: Pr\u00f3bowali\u015bcie wpisa\u0107 w wyszukiwark\u0119 domen\u0119 knf.pl? Je\u015bli nie, to polecamy!\u00a0<\/span><\/p>\n","protected":false},"excerpt":{"rendered":"<p>Bia\u0142a koszulka m\u0119ska &#8222;Kanga na fali&#8221;.<\/p>\n<p><span style=\"font-weight: 400;\">P\u0142atno\u015b\u0107 Kanga Pay daje rabat -15%.<\/span><\/p>\n","protected":false},"featured_media":7931,"comment_status":"open","ping_status":"closed","template":"","meta":{"inline_featured_image":false},"product_brand":[],"product_cat":[153,54],"product_tag":[],"class_list":{"0":"post-7890","1":"product","2":"type-product","3":"status-publish","4":"has-post-thumbnail","6":"product_cat-odzieziakcesoria","7":"product_cat-t-shirty","8":"pa_size-l-pl","9":"pa_size-m-pl","10":"pa_size-s-pl","11":"pa_size-xl-pl","13":"first","14":"instock","15":"taxable","16":"shipping-taxable","17":"purchasable","18":"product-type-variable","19":"has-default-attributes"},"_links":{"self":[{"href":"https:\/\/kanga.exchange\/shop\/wp-json\/wp\/v2\/product\/7890","targetHints":{"allow":["GET"]}}],"collection":[{"href":"https:\/\/kanga.exchange\/shop\/wp-json\/wp\/v2\/product"}],"about":[{"href":"https:\/\/kanga.exchange\/shop\/wp-json\/wp\/v2\/types\/product"}],"replies":[{"embeddable":true,"href":"https:\/\/kanga.exchange\/shop\/wp-json\/wp\/v2\/comments?post=7890"}],"wp:featuredmedia":[{"embeddable":true,"href":"https:\/\/kanga.exchange\/shop\/wp-json\/wp\/v2\/media\/7931"}],"wp:attachment":[{"href":"https:\/\/kanga.exchange\/shop\/wp-json\/wp\/v2\/media?parent=7890"}],"wp:term":[{"taxonomy":"product_brand","embeddable":true,"href":"https:\/\/kanga.exchange\/shop\/wp-json\/wp\/v2\/product_brand?post=7890"},{"taxonomy":"product_cat","embeddable":true,"href":"https:\/\/kanga.exchange\/shop\/wp-json\/wp\/v2\/product_cat?post=7890"},{"taxonomy":"product_tag","embeddable":true,"href":"https:\/\/kanga.exchange\/shop\/wp-json\/wp\/v2\/product_tag?post=7890"}],"curies":[{"name":"wp","href":"https:\/\/api.w.org\/{rel}","templated":true}]}}