{"id":7865,"date":"2024-06-13T10:35:31","date_gmt":"2024-06-13T08:35:31","guid":{"rendered":"https:\/\/kanga.exchange\/shop\/?post_type=product&#038;p=7865"},"modified":"2025-09-19T11:47:55","modified_gmt":"2025-09-19T09:47:55","slug":"zestaw-naklejek-kanga","status":"publish","type":"product","link":"https:\/\/kanga.exchange\/shop\/produkt\/zestaw-naklejek-kanga\/","title":{"rendered":"Zestaw naklejek Kanga"},"content":{"rendered":"<p><strong>Zestaw zawiera nast\u0119puj\u0105ce wzory naklejek:<\/strong><\/p>\n<ul>\n<li>Rakieta: Ilustruje nasze has\u0142o \u201cto the moon\u201d<\/li>\n<li>Ilustracja przedstawiaj\u0105ca astronaut\u0119 w logu Kangi<\/li>\n<li>Astronaut\u0119 siedz\u0105cego na BTC<\/li>\n<\/ul>\n<p><strong>Jakie cechy wyr\u00f3\u017cniaj\u0105 nasze naklejki?<\/strong><\/p>\n<ul>\n<li>Trwa\u0142y nadruk: Bardzo wysoka odporno\u015b\u0107 na czynniki zewn\u0119trzne takie jak s\u0142o\u0144ce, deszcz czy wiatr.<\/li>\n<li>Wysoka jako\u015b\u0107: Wykonane z materia\u0142\u00f3w o du\u017cej przyczepno\u015bci, odporne na wod\u0119 i zarysowania.<\/li>\n<li>Wymiary: Ka\u017cda naklejka ma wymiary 7 x 9 cm.<\/li>\n<\/ul>\n<p><strong>Aby umie\u015bci\u0107 naklejk\u0119 na danej powierzchni nale\u017cy:<\/strong><\/p>\n<ol>\n<li>Wyczy\u015b\u0107 powierzchni\u0119, na kt\u00f3rej chcesz umie\u015bci\u0107 naklejk\u0119.<\/li>\n<li>Odklej doln\u0105 warstw\u0119 naklejki.<\/li>\n<li>Umie\u015b\u0107 naklejk\u0119 w wybranym miejscu.<\/li>\n<li>Delikatnie wytrzyj i wyg\u0142ad\u017a powierzchni\u0119 naklejki.<\/li>\n<li>Oderwij g\u00f3rn\u0105 cz\u0119\u015b\u0107 naklejki.<\/li>\n<\/ol>\n<p>Nasze naklejki mog\u0105 by\u0107 u\u017cywane do dekoracji dowolnych g\u0142adkich przedmiot\u00f3w, takich jak butelki z wod\u0105, kubki do kawy, laptopy, rowery, samochody, pojemniki itp.<\/p>\n<p><span style=\"font-weight: 400;\">P\u0142atno\u015b\u0107 Kanga Pay daje rabat -15%.<\/span><\/p>\n","protected":false},"excerpt":{"rendered":"<p>Zestaw zawiera nast\u0119puj\u0105ce wzory naklejek: Rakieta: Ilustruje nasze has\u0142o \u201cto the moon\u201d Ilustracja przedstawiaj\u0105ca astronaut\u0119 w logu Kangi Astronaut\u0119 siedz\u0105cego na BTC Jakie cechy wyr\u00f3\u017cniaj\u0105 nasze naklejki? Trwa\u0142y nadruk: Bardzo wysoka odporno\u015b\u0107 na czynniki zewn\u0119trzne takie jak s\u0142o\u0144ce, deszcz czy wiatr. Wysoka jako\u015b\u0107: Wykonane z materia\u0142\u00f3w o du\u017cej przyczepno\u015bci, odporne na wod\u0119 i zarysowania. Wymiary: [&hellip;]<\/p>\n","protected":false},"featured_media":7862,"comment_status":"open","ping_status":"closed","template":"","meta":{"inline_featured_image":false},"product_brand":[],"product_cat":[160,137],"product_tag":[],"class_list":{"0":"post-7865","1":"product","2":"type-product","3":"status-publish","4":"has-post-thumbnail","6":"product_cat-gadzetyiakcesoriabiurowe","7":"product_cat-naklejki","9":"first","10":"instock","11":"taxable","12":"shipping-taxable","13":"purchasable","14":"product-type-simple"},"_links":{"self":[{"href":"https:\/\/kanga.exchange\/shop\/wp-json\/wp\/v2\/product\/7865","targetHints":{"allow":["GET"]}}],"collection":[{"href":"https:\/\/kanga.exchange\/shop\/wp-json\/wp\/v2\/product"}],"about":[{"href":"https:\/\/kanga.exchange\/shop\/wp-json\/wp\/v2\/types\/product"}],"replies":[{"embeddable":true,"href":"https:\/\/kanga.exchange\/shop\/wp-json\/wp\/v2\/comments?post=7865"}],"wp:featuredmedia":[{"embeddable":true,"href":"https:\/\/kanga.exchange\/shop\/wp-json\/wp\/v2\/media\/7862"}],"wp:attachment":[{"href":"https:\/\/kanga.exchange\/shop\/wp-json\/wp\/v2\/media?parent=7865"}],"wp:term":[{"taxonomy":"product_brand","embeddable":true,"href":"https:\/\/kanga.exchange\/shop\/wp-json\/wp\/v2\/product_brand?post=7865"},{"taxonomy":"product_cat","embeddable":true,"href":"https:\/\/kanga.exchange\/shop\/wp-json\/wp\/v2\/product_cat?post=7865"},{"taxonomy":"product_tag","embeddable":true,"href":"https:\/\/kanga.exchange\/shop\/wp-json\/wp\/v2\/product_tag?post=7865"}],"curies":[{"name":"wp","href":"https:\/\/api.w.org\/{rel}","templated":true}]}}