{"id":7589,"date":"2024-04-25T11:20:24","date_gmt":"2024-04-25T09:20:24","guid":{"rendered":"https:\/\/kanga.exchange\/shop\/?post_type=product&#038;p=7589"},"modified":"2026-01-19T11:37:47","modified_gmt":"2026-01-19T10:37:47","slug":"cold-wallet-nakamoto-seed-srebrny","status":"publish","type":"product","link":"https:\/\/kanga.exchange\/shop\/produkt\/cold-wallet-nakamoto-seed-srebrny\/","title":{"rendered":"Cold Wallet Nakamoto Seed Srebrny"},"content":{"rendered":"<p><b>Opis produktu:<\/b><\/p>\n<p><span style=\"font-weight: 400;\">Nakamoto Seed Srebrny to wytrzyma\u0142y portfel wykonany z grubych metalowych p\u0142ytek ze stali nierdzewnej (AISI 304), oferuj\u0105cy niezr\u00f3wnan\u0105 ochron\u0119 dla Twoich <\/span><span style=\"font-weight: 400;\">bitcoin\u00f3w<\/span><span style=\"font-weight: 400;\"> i <\/span><span style=\"font-weight: 400;\">altcoin\u00f3w<\/span><span style=\"font-weight: 400;\">. Nakamoto Seed Srebrny pozwala na bezpieczne wyt\u0142aczanie i przechowywanie s\u0142\u00f3w.<\/span><\/p>\n<p><b>Kompatybilno\u015b\u0107:<\/b><\/p>\n<p><span style=\"font-weight: 400;\">Urz\u0105dzenie jest kompatybilne z najpopularniejszymi portfelami takimi jak Trezor, Ledger czy Electrum, co sprawia, \u017ce jest idealnym rozwi\u0105zaniem dla ka\u017cdego inwestora w <\/span><span style=\"font-weight: 400;\">kryptowaluty<\/span><span style=\"font-weight: 400;\">.<\/span><\/p>\n<p><b>Dla kogo jest Nakamoto?<\/b><\/p>\n<p><span style=\"font-weight: 400;\">Nakamoto Seed Srebrny jest skierowany do os\u00f3b, kt\u00f3re pragn\u0105 zapewni\u0107 swoim kluczowym s\u0142owom maksymaln\u0105 ochron\u0119 przed uszkodzeniem czy zniszczeniem, np. w wyniku po\u017caru lub powodzi.\u00a0<\/span><\/p>\n<p><b>Wytrzyma\u0142o\u015b\u0107 i wykonanie:<\/b><\/p>\n<p><span style=\"font-weight: 400;\">Produkt wykonany jest z jednej 3 mm p\u0142ytki ze stali nierdzewnej AISI 304, znanej ze swojej odporno\u015bci na korozj\u0119 i wysok\u0105 temperatur\u0119. Nakamoto Seed Srebrny mo\u017ce wytrzyma\u0107 temperatury a\u017c do 1200 \u00b0C (2192 \u00b0F), co gwarantuje ochron\u0119 nawet w ekstremalnych warunkach.<\/span><\/p>\n<p><b>Cechy:<\/b><\/p>\n<p><span style=\"font-weight: 400;\">Zestaw zawiera komplet piecz\u0119ci z literami od A do Z, ka\u017cda o wysoko\u015bci 4 mm, wykonanych z wysokiej jako\u015bci stali narz\u0119dziowej. Dzi\u0119ki temu u\u017cytkownik mo\u017ce \u0142atwo i trwale oznaczy\u0107 do 24 s\u0142\u00f3w (ka\u017cde do 8 liter) na p\u0142ytkach.<\/span><\/p>\n<p><b>Dlaczego warto wybra\u0107 Nakamoto Seed Srebrny?<\/b><\/p>\n<ul>\n<li style=\"font-weight: 400;\" aria-level=\"1\"><span style=\"font-weight: 400;\">Mo\u017cliwo\u015b\u0107 przechowywania do 24 s\u0142\u00f3w<\/span><\/li>\n<li style=\"font-weight: 400;\" aria-level=\"1\"><span style=\"font-weight: 400;\">Wytrzyma\u0142a i odporna na korozj\u0119 stal nierdzewna AISI 304<\/span><\/li>\n<li style=\"font-weight: 400;\" aria-level=\"1\"><span style=\"font-weight: 400;\">Grubo\u015b\u0107 p\u0142ytki 3 mm zapewniaj\u0105ca dodatkow\u0105 ochron\u0119<\/span><\/li>\n<li style=\"font-weight: 400;\" aria-level=\"1\"><span style=\"font-weight: 400;\">Niezawodne i d\u0142ugotrwa\u0142e przechowywanie danych bez ryzyka zniszczenia<\/span><\/li>\n<\/ul>\n<p><span style=\"font-weight: 400;\">W naszym <\/span><span style=\"font-weight: 400;\">sklepie kryptowalutowym<\/span><span style=\"font-weight: 400;\"> czekaj\u0105 na Ciebie nie tylko <\/span><span style=\"font-weight: 400;\">gad\u017cety dla fan\u00f3w krypto<\/span><span style=\"font-weight: 400;\">, ale r\u00f3wnie\u017c unikalne <\/span><span style=\"font-weight: 400;\">prezenty dla fan\u00f3w kryptowalut<\/span><span style=\"font-weight: 400;\">.<\/span><\/p>\n<div class=\"elementor-element elementor-element-cf936b7 elementor-widget elementor-widget-porto_cp_tabs\" data-id=\"cf936b7\" data-element_type=\"widget\" data-widget_type=\"porto_cp_tabs.default\">\n<div class=\"elementor-widget-container\">\n<div id=\"product-tab\" class=\"woocommerce-tabs woocommerce-tabs-6b1a52eb resp-htabs\">\n<div class=\"resp-tabs-container\">\n<div id=\"tab-description\" class=\"tab-content resp-tab-content resp-tab-content-active\" aria-labelledby=\"tab_item-0\">\n<p>Produkt wy\u0142\u0105czony ze zni\u017cki.<\/p>\n<\/div>\n<\/div>\n<\/div>\n<\/div>\n<\/div>\n","protected":false},"excerpt":{"rendered":"<p>&nbsp;<\/p>\n<p>&nbsp;<\/p>\n<p>&nbsp;<\/p>\n","protected":false},"featured_media":7591,"comment_status":"open","ping_status":"closed","template":"","meta":{"inline_featured_image":false},"product_brand":[],"product_cat":[158,134],"product_tag":[],"class_list":{"0":"post-7589","1":"product","2":"type-product","3":"status-publish","4":"has-post-thumbnail","6":"product_cat-sprzettechniczny","7":"product_cat-coldwallet","9":"first","10":"instock","11":"taxable","12":"shipping-taxable","13":"purchasable","14":"product-type-simple"},"_links":{"self":[{"href":"https:\/\/kanga.exchange\/shop\/wp-json\/wp\/v2\/product\/7589","targetHints":{"allow":["GET"]}}],"collection":[{"href":"https:\/\/kanga.exchange\/shop\/wp-json\/wp\/v2\/product"}],"about":[{"href":"https:\/\/kanga.exchange\/shop\/wp-json\/wp\/v2\/types\/product"}],"replies":[{"embeddable":true,"href":"https:\/\/kanga.exchange\/shop\/wp-json\/wp\/v2\/comments?post=7589"}],"wp:featuredmedia":[{"embeddable":true,"href":"https:\/\/kanga.exchange\/shop\/wp-json\/wp\/v2\/media\/7591"}],"wp:attachment":[{"href":"https:\/\/kanga.exchange\/shop\/wp-json\/wp\/v2\/media?parent=7589"}],"wp:term":[{"taxonomy":"product_brand","embeddable":true,"href":"https:\/\/kanga.exchange\/shop\/wp-json\/wp\/v2\/product_brand?post=7589"},{"taxonomy":"product_cat","embeddable":true,"href":"https:\/\/kanga.exchange\/shop\/wp-json\/wp\/v2\/product_cat?post=7589"},{"taxonomy":"product_tag","embeddable":true,"href":"https:\/\/kanga.exchange\/shop\/wp-json\/wp\/v2\/product_tag?post=7589"}],"curies":[{"name":"wp","href":"https:\/\/api.w.org\/{rel}","templated":true}]}}