{"id":6665,"date":"2023-11-23T16:32:26","date_gmt":"2023-11-23T15:32:26","guid":{"rendered":"https:\/\/kanga.exchange\/shop\/?post_type=product&#038;p=6665"},"modified":"2025-05-28T11:27:00","modified_gmt":"2025-05-28T09:27:00","slug":"t-shirt-in-kanga-we-trust-bialy","status":"publish","type":"product","link":"https:\/\/kanga.exchange\/shop\/produkt\/t-shirt-in-kanga-we-trust-bialy\/","title":{"rendered":"T-shirt In Kanga we trust!"},"content":{"rendered":"<p>Ostatnie sztuki !!!<\/p>\n<p><b>Dlaczego warto j\u0105 mie\u0107?<\/b><\/p>\n<p><b>Wyj\u0105tkowa jako\u015b\u0107:<\/b><\/p>\n<p><span style=\"font-weight: 400;\">Nasz t-shirt symbolizuje najwy\u017cszy standard jako\u015bci. Wyprodukowany z 100% bawe\u0142ny, zapewnia nie tylko wygod\u0119 noszenia, ale tak\u017ce d\u0142ugotrwa\u0142\u0105 trwa\u0142o\u015b\u0107 przez wiele lat.<\/span><\/p>\n<p><b> Rozmiary dla ka\u017cdego:<\/b><\/p>\n<p><span style=\"font-weight: 400;\">Rozmiary M, L i XL s\u0105 dost\u0119pne, aby\u015b m\u00f3g\u0142 dopasowa\u0107 koszulk\u0119 do swojego unikatowego stylu i preferencji. Bez wzgl\u0119du na to, czy wolisz lu\u017aniejsze czy bardziej dopasowane ubrania, nasza koszulka z pewno\u015bci\u0105 sprosta Twoim oczekiwaniom.<\/span><\/p>\n<p><b> Elegancja kolor\u00f3w:<\/b><\/p>\n<p><span style=\"font-weight: 400;\">Wybierz spo\u015br\u00f3d dw\u00f3ch klasycznych kolor\u00f3w &#8211; bia\u0142ego lub czarnego. To ponadczasowe odcienie, kt\u00f3re doskonale komponuj\u0105 si\u0119 z ka\u017cd\u0105 stylizacj\u0105. Bez wzgl\u0119du na okazj\u0119, nasza koszulka zawsze prezentuje si\u0119 znakomicie.<\/span><\/p>\n<p><b> Uniwersalny rozmiar:\u00a0<\/b><\/p>\n<p><span style=\"font-weight: 400;\">Nasze koszulki s\u0105 unisex, co oznacza, \u017ce mog\u0105 je nosi\u0107 zar\u00f3wno m\u0119\u017cczy\u017ani, jak i kobiety. To idealny str\u00f3j dla wszystkich pasjonat\u00f3w kryptowalut, bez wzgl\u0119du na p\u0142e\u0107.<\/span><\/p>\n<p><b> <\/b><b>Gad\u017cet kryptowalutowy<\/b><b>:<\/b><\/p>\n<p><span style=\"font-weight: 400;\">Nasza koszulka z napisem &#8222;In Kanga We Trust&#8221; to doskona\u0142y <\/span><span style=\"font-weight: 400;\">gad\u017cet krypto<\/span><span style=\"font-weight: 400;\">. Wyra\u017a swoj\u0105 mi\u0142o\u015b\u0107 do kryptowalut i do\u0142\u0105cz do naszej spo\u0142eczno\u015bci.<\/span><\/p>\n<p><span style=\"font-weight: 400;\">Odkryj nasz <\/span><span style=\"font-weight: 400;\">sklep internetowy dla fan\u00f3w krypto<\/span><span style=\"font-weight: 400;\">, gdzie znajdziesz nie tylko koszulki, ale tak\u017ce wiele innych <\/span><span style=\"font-weight: 400;\">gad\u017cet\u00f3w z logo kryptowalut<\/span><span style=\"font-weight: 400;\">. Kup teraz i sta\u0144 si\u0119 cz\u0119\u015bci\u0105 naszej spo\u0142eczno\u015bci <\/span><span style=\"font-weight: 400;\">Krypto Fashion!<\/span><\/p>\n","protected":false},"excerpt":{"rendered":"<p><span style=\"font-weight: 400;\">Koszulka In Kanga We Trust &#8211; Tw\u00f3j niezb\u0119dny element w \u015bwiecie kryptowalut!<\/span><\/p>\n<p><span style=\"font-weight: 400;\">P\u0142atno\u015b\u0107 Kanga Pay daje rabat -15%.<\/span><\/p>\n","protected":false},"featured_media":6673,"comment_status":"open","ping_status":"closed","template":"","meta":{"inline_featured_image":false},"product_brand":[],"product_cat":[153,54],"product_tag":[],"class_list":{"0":"post-6665","1":"product","2":"type-product","3":"status-publish","4":"has-post-thumbnail","6":"product_cat-odzieziakcesoria","7":"product_cat-t-shirty","8":"pa_size-l-pl","9":"pa_size-m-pl","10":"pa_size-xl-pl","12":"first","13":"outofstock","14":"taxable","15":"shipping-taxable","16":"purchasable","17":"product-type-variable","18":"has-default-attributes"},"_links":{"self":[{"href":"https:\/\/kanga.exchange\/shop\/wp-json\/wp\/v2\/product\/6665","targetHints":{"allow":["GET"]}}],"collection":[{"href":"https:\/\/kanga.exchange\/shop\/wp-json\/wp\/v2\/product"}],"about":[{"href":"https:\/\/kanga.exchange\/shop\/wp-json\/wp\/v2\/types\/product"}],"replies":[{"embeddable":true,"href":"https:\/\/kanga.exchange\/shop\/wp-json\/wp\/v2\/comments?post=6665"}],"wp:featuredmedia":[{"embeddable":true,"href":"https:\/\/kanga.exchange\/shop\/wp-json\/wp\/v2\/media\/6673"}],"wp:attachment":[{"href":"https:\/\/kanga.exchange\/shop\/wp-json\/wp\/v2\/media?parent=6665"}],"wp:term":[{"taxonomy":"product_brand","embeddable":true,"href":"https:\/\/kanga.exchange\/shop\/wp-json\/wp\/v2\/product_brand?post=6665"},{"taxonomy":"product_cat","embeddable":true,"href":"https:\/\/kanga.exchange\/shop\/wp-json\/wp\/v2\/product_cat?post=6665"},{"taxonomy":"product_tag","embeddable":true,"href":"https:\/\/kanga.exchange\/shop\/wp-json\/wp\/v2\/product_tag?post=6665"}],"curies":[{"name":"wp","href":"https:\/\/api.w.org\/{rel}","templated":true}]}}