{"id":6291,"date":"2023-10-19T12:58:23","date_gmt":"2023-10-19T10:58:23","guid":{"rendered":"https:\/\/kanga.exchange\/shop\/?post_type=product&#038;p=6291"},"modified":"2025-08-25T22:48:23","modified_gmt":"2025-08-25T20:48:23","slug":"t-shirt-jestem-kanga-local","status":"publish","type":"product","link":"https:\/\/kanga.exchange\/shop\/produkt\/t-shirt-jestem-kanga-local\/","title":{"rendered":"T-shirt Jestem Kanga Local"},"content":{"rendered":"<p><b>Dlaczego warto j\u0105 mie\u0107?<\/b><\/p>\n<p><b>Wyj\u0105tkowa jako\u015b\u0107:<\/b><\/p>\n<p><span style=\"font-weight: 400;\">Wykonana z wysokiej jako\u015bci 100% bawe\u0142ny, koszulka zapewnia wyj\u0105tkowy komfort noszenia i trwa\u0142o\u015b\u0107, kt\u00f3r\u0105 docenisz przez wiele sezon\u00f3w.<\/span><\/p>\n<p><b> Rozmiary dla ka\u017cdego:<\/b><\/p>\n<p><span style=\"font-weight: 400;\">Nasza koszulka jest dost\u0119pna w rozmiarach M, L i XL, co pozwoli Ci znale\u017a\u0107 idealne dopasowanie do Twojej sylwetki.<\/span><\/p>\n<p><b> Elegancja kolor\u00f3w:<\/b><\/p>\n<p><span style=\"font-weight: 400;\">Koszulka wyst\u0119puje w jednym, eleganckim kolorze &#8211; bieli, kt\u00f3ry jest zar\u00f3wno uniwersalny, jak i stylowy.<\/span><\/p>\n<p><b> Uniwersalny rozmiar:\u00a0<\/b><\/p>\n<p><span style=\"font-weight: 400;\">Nasza koszulka jest unisex, co oznacza, \u017ce \u200b\u200bjest odpowiednia zar\u00f3wno dla m\u0119\u017cczyzn, jak i kobiet, co daje Ci mo\u017cliwo\u015b\u0107 wyra\u017cenia swojej to\u017csamo\u015bci Kanga Local bez ogranicze\u0144.<\/span><\/p>\n<p><b> <\/b><b>Gad\u017cet kryptowalutowy<\/b><b>:<\/b><\/p>\n<p><span style=\"font-weight: 400;\">Co wi\u0119cej, z ty\u0142u koszulki znajdziesz wypisane &#8222;Super Moce Kanga Localsa&#8221;, co dodaje jej unikalnego charakteru i pokazuje, \u017ce jeste\u015b gotowy na wszelkie wyzwania zwi\u0105zane z kryptowalutami.<\/span><\/p>\n<p><span style=\"font-weight: 400;\">Nasza koszulka &#8222;Jestem Kanga Local&#8221; to doskona\u0142y spos\u00f3b na wyra\u017cenie swojej przynale\u017cno\u015bci do spo\u0142eczno\u015bci Kanga Localsa oraz pasji do kryptowalut.<\/span><\/p>\n<p><span style=\"font-weight: 400;\">Odkryj nasz <\/span><span style=\"font-weight: 400;\">sklep internetowy dla fan\u00f3w krypto<\/span><span style=\"font-weight: 400;\">, gdzie znajdziesz nie tylko koszulki, ale tak\u017ce wiele innych <\/span><span style=\"font-weight: 400;\">gad\u017cet\u00f3w z logo kryptowalut<\/span><span style=\"font-weight: 400;\">. Kup teraz i sta\u0144 si\u0119 cz\u0119\u015bci\u0105 naszej spo\u0142eczno\u015bci Krypto Fashion!<\/span><\/p>\n","protected":false},"excerpt":{"rendered":"<p><span style=\"font-weight: 400;\">Koszulka z grafik\u0105 Localsa na przodzie i napisem &#8222;Jestem Kanga Local&#8221; na pewno przyci\u0105gnie uwag\u0119 i poka\u017ce, \u017ce jeste\u015b cz\u0119\u015bci\u0105 dynamicznie rozwijaj\u0105cej si\u0119 spo\u0142eczno\u015bci lokals\u00f3w.<\/span><\/p>\n<p><span style=\"font-weight: 400;\">P\u0142atno\u015b\u0107 Kanga Pay daje rabat -15%.<\/span><\/p>\n","protected":false},"featured_media":6787,"comment_status":"open","ping_status":"closed","template":"","meta":{"inline_featured_image":false},"product_brand":[],"product_cat":[153,54],"product_tag":[],"class_list":{"0":"post-6291","1":"product","2":"type-product","3":"status-publish","4":"has-post-thumbnail","6":"product_cat-odzieziakcesoria","7":"product_cat-t-shirty","8":"pa_size-l-pl","9":"pa_size-m-pl","10":"pa_size-xl-pl","12":"first","13":"instock","14":"taxable","15":"shipping-taxable","16":"purchasable","17":"product-type-variable","18":"has-default-attributes"},"_links":{"self":[{"href":"https:\/\/kanga.exchange\/shop\/wp-json\/wp\/v2\/product\/6291","targetHints":{"allow":["GET"]}}],"collection":[{"href":"https:\/\/kanga.exchange\/shop\/wp-json\/wp\/v2\/product"}],"about":[{"href":"https:\/\/kanga.exchange\/shop\/wp-json\/wp\/v2\/types\/product"}],"replies":[{"embeddable":true,"href":"https:\/\/kanga.exchange\/shop\/wp-json\/wp\/v2\/comments?post=6291"}],"wp:featuredmedia":[{"embeddable":true,"href":"https:\/\/kanga.exchange\/shop\/wp-json\/wp\/v2\/media\/6787"}],"wp:attachment":[{"href":"https:\/\/kanga.exchange\/shop\/wp-json\/wp\/v2\/media?parent=6291"}],"wp:term":[{"taxonomy":"product_brand","embeddable":true,"href":"https:\/\/kanga.exchange\/shop\/wp-json\/wp\/v2\/product_brand?post=6291"},{"taxonomy":"product_cat","embeddable":true,"href":"https:\/\/kanga.exchange\/shop\/wp-json\/wp\/v2\/product_cat?post=6291"},{"taxonomy":"product_tag","embeddable":true,"href":"https:\/\/kanga.exchange\/shop\/wp-json\/wp\/v2\/product_tag?post=6291"}],"curies":[{"name":"wp","href":"https:\/\/api.w.org\/{rel}","templated":true}]}}