{"id":19516,"date":"2025-10-09T15:13:23","date_gmt":"2025-10-09T13:13:23","guid":{"rendered":"https:\/\/kanga.exchange\/shop\/?post_type=product&#038;p=19516"},"modified":"2026-02-04T14:43:04","modified_gmt":"2026-02-04T13:43:04","slug":"kanganauta","status":"publish","type":"product","link":"https:\/\/kanga.exchange\/shop\/produkt\/kanganauta\/","title":{"rendered":"Kanganauta"},"content":{"rendered":"<p><span style=\"font-weight: 400;\">Pami\u0119tacie nasz\u0105 kampani\u0119, w kt\u00f3rej Kangu\u015b podr\u00f3\u017cowa\u0142 po \u015bwiecie? Mamy dla Was co\u015b wyj\u0105tkowego, wystawiamy go na sprzeda\u017c! By\u0142 z nami na wielu wydarzeniach, a je\u015bli cofniecie si\u0119 wstecz na nasze SM, z pewno\u015bci\u0105 znajdziecie go na licznych zdj\u0119ciach.<\/span><\/p>\n<p><span style=\"font-weight: 400;\">Teraz mo\u017cecie sta\u0107 si\u0119 jego w\u0142a\u015bcicielem, w zestawie znajdziecie autograf S\u0142awka<\/span><\/p>\n<p><span style=\"font-weight: 400;\">Dost\u0119pna jest tylko jedna sztuka!<\/span><\/p>\n<p><span style=\"font-weight: 400;\">Ca\u0142y doch\u00f3d ze sprzeda\u017cy zostanie przekazany na cele charytatywne.<\/span><\/p>\n","protected":false},"excerpt":{"rendered":"<p>Pami\u0119tacie nasz\u0105 kampani\u0119, w kt\u00f3rej Kangu\u015b podr\u00f3\u017cowa\u0142 po \u015bwiecie? Mamy dla Was co\u015b wyj\u0105tkowego, wystawiamy go na sprzeda\u017c! By\u0142 z nami na wielu wydarzeniach, a je\u015bli cofniecie si\u0119 wstecz na nasze SM, z pewno\u015bci\u0105 znajdziecie go na licznych zdj\u0119ciach. Teraz mo\u017cecie sta\u0107 si\u0119 jego w\u0142a\u015bcicielem, w zestawie znajdziecie autograf S\u0142awka Dost\u0119pna jest tylko jedna sztuka! [&hellip;]<\/p>\n","protected":false},"featured_media":19515,"comment_status":"closed","ping_status":"closed","template":"","meta":{"inline_featured_image":false},"product_brand":[],"product_cat":[231],"product_tag":[],"class_list":{"0":"post-19516","1":"product","2":"type-product","3":"status-publish","4":"has-post-thumbnail","6":"product_cat-pomagamy","8":"first","9":"outofstock","10":"taxable","11":"shipping-taxable","12":"purchasable","13":"product-type-simple"},"_links":{"self":[{"href":"https:\/\/kanga.exchange\/shop\/wp-json\/wp\/v2\/product\/19516","targetHints":{"allow":["GET"]}}],"collection":[{"href":"https:\/\/kanga.exchange\/shop\/wp-json\/wp\/v2\/product"}],"about":[{"href":"https:\/\/kanga.exchange\/shop\/wp-json\/wp\/v2\/types\/product"}],"replies":[{"embeddable":true,"href":"https:\/\/kanga.exchange\/shop\/wp-json\/wp\/v2\/comments?post=19516"}],"wp:featuredmedia":[{"embeddable":true,"href":"https:\/\/kanga.exchange\/shop\/wp-json\/wp\/v2\/media\/19515"}],"wp:attachment":[{"href":"https:\/\/kanga.exchange\/shop\/wp-json\/wp\/v2\/media?parent=19516"}],"wp:term":[{"taxonomy":"product_brand","embeddable":true,"href":"https:\/\/kanga.exchange\/shop\/wp-json\/wp\/v2\/product_brand?post=19516"},{"taxonomy":"product_cat","embeddable":true,"href":"https:\/\/kanga.exchange\/shop\/wp-json\/wp\/v2\/product_cat?post=19516"},{"taxonomy":"product_tag","embeddable":true,"href":"https:\/\/kanga.exchange\/shop\/wp-json\/wp\/v2\/product_tag?post=19516"}],"curies":[{"name":"wp","href":"https:\/\/api.w.org\/{rel}","templated":true}]}}