{"id":15924,"date":"2025-08-04T13:12:44","date_gmt":"2025-08-04T11:12:44","guid":{"rendered":"https:\/\/kanga.exchange\/shop\/?post_type=product&#038;p=15924"},"modified":"2026-03-13T19:33:44","modified_gmt":"2026-03-13T18:33:44","slug":"magic-of-thinking-success","status":"publish","type":"product","link":"https:\/\/kanga.exchange\/shop\/produkt\/magic-of-thinking-success\/","title":{"rendered":"Magic of Thinking Success"},"content":{"rendered":"<p data-start=\"53\" data-end=\"556\">Czy patrzysz czasem na ludzi, kt\u00f3rzy osi\u0105gn\u0119li to, o czym Ty marzysz, i zastanawiasz si\u0119: \u201eCo oni maj\u0105, czego ja nie mam?\u201d Odpowied\u017a tkwi w sposobie my\u015blenia, nie w szcz\u0119\u015bciu czy znajomo\u015bciach. <strong data-start=\"247\" data-end=\"278\">\u201eMagic of Thinking Success\u201d<\/strong> to praktyczny przewodnik, kt\u00f3ry poka\u017ce Ci, jak odkry\u0107 prawdziwe marzenia, pokona\u0107 prokrastynacj\u0119, zbudowa\u0107 pewno\u015b\u0107 siebie, zmieni\u0107 podej\u015bcie do pora\u017cek i skutecznie wyznacza\u0107 cele. To konkretne narz\u0119dzia i \u0107wiczenia, dzi\u0119ki kt\u00f3rym wreszcie zaczniesz \u017cy\u0107 na w\u0142asnych zasadach.<\/p>\n<p data-start=\"53\" data-end=\"556\">Tytu\u0142: Magic of Thinking Success. Fundamenty Twojego \u017byciowego Sukcesu<br \/>\nAutor: David J. Schwartz<br \/>\nT\u0142umaczenie: Munnich Kasia<br \/>\nWydawnictwo: Ksi\u0119gi Barneja<br \/>\nJ\u0119zyk wydania: polski<\/p>\n","protected":false},"excerpt":{"rendered":"<p>Czy patrzysz czasem na ludzi, kt\u00f3rzy osi\u0105gn\u0119li to, o czym Ty marzysz, i zastanawiasz si\u0119: \u201eCo oni maj\u0105, czego ja nie mam?\u201d Odpowied\u017a tkwi w sposobie my\u015blenia, nie w szcz\u0119\u015bciu czy znajomo\u015bciach. \u201eMagic of Thinking Success\u201d to praktyczny przewodnik, kt\u00f3ry poka\u017ce Ci, jak odkry\u0107 prawdziwe marzenia, pokona\u0107 prokrastynacj\u0119, zbudowa\u0107 pewno\u015b\u0107 siebie, zmieni\u0107 podej\u015bcie do pora\u017cek [&hellip;]<\/p>\n","protected":false},"featured_media":15919,"comment_status":"closed","ping_status":"closed","template":"","meta":{"inline_featured_image":false},"product_brand":[],"product_cat":[83],"product_tag":[],"class_list":{"0":"post-15924","1":"product","2":"type-product","3":"status-publish","4":"has-post-thumbnail","6":"product_cat-ksiazki","8":"first","9":"instock","10":"sale","11":"taxable","12":"shipping-taxable","13":"purchasable","14":"product-type-simple"},"_links":{"self":[{"href":"https:\/\/kanga.exchange\/shop\/wp-json\/wp\/v2\/product\/15924","targetHints":{"allow":["GET"]}}],"collection":[{"href":"https:\/\/kanga.exchange\/shop\/wp-json\/wp\/v2\/product"}],"about":[{"href":"https:\/\/kanga.exchange\/shop\/wp-json\/wp\/v2\/types\/product"}],"replies":[{"embeddable":true,"href":"https:\/\/kanga.exchange\/shop\/wp-json\/wp\/v2\/comments?post=15924"}],"wp:featuredmedia":[{"embeddable":true,"href":"https:\/\/kanga.exchange\/shop\/wp-json\/wp\/v2\/media\/15919"}],"wp:attachment":[{"href":"https:\/\/kanga.exchange\/shop\/wp-json\/wp\/v2\/media?parent=15924"}],"wp:term":[{"taxonomy":"product_brand","embeddable":true,"href":"https:\/\/kanga.exchange\/shop\/wp-json\/wp\/v2\/product_brand?post=15924"},{"taxonomy":"product_cat","embeddable":true,"href":"https:\/\/kanga.exchange\/shop\/wp-json\/wp\/v2\/product_cat?post=15924"},{"taxonomy":"product_tag","embeddable":true,"href":"https:\/\/kanga.exchange\/shop\/wp-json\/wp\/v2\/product_tag?post=15924"}],"curies":[{"name":"wp","href":"https:\/\/api.w.org\/{rel}","templated":true}]}}