{"id":15737,"date":"2025-08-01T12:43:56","date_gmt":"2025-08-01T10:43:56","guid":{"rendered":"https:\/\/kanga.exchange\/shop\/?post_type=product&#038;p=15737"},"modified":"2025-08-12T10:46:30","modified_gmt":"2025-08-12T08:46:30","slug":"afrykanska-kanga","status":"publish","type":"product","link":"https:\/\/kanga.exchange\/shop\/produkt\/afrykanska-kanga\/","title":{"rendered":"Afryka\u0144ska Kanga"},"content":{"rendered":"<p><span style=\"font-weight: 400;\">\u015aledzicie podr\u00f3\u017ce S\u0142awka? Podczas jednej ze swoich afryka\u0144skich wypraw przywi\u00f3z\u0142 niezwyk\u0142\u0105 pami\u0105tk\u0119 <\/span><b>kang\u0119<\/b><span style=\"font-weight: 400;\">, tradycyjny materia\u0142 z Afryki Wschodniej.<\/span><\/p>\n<p><span style=\"font-weight: 400;\">Kanga to kolorowa, bawe\u0142niana tkanina, wyj\u0105tkowo popularna w Tanzanii, Kenii i krajach regionu Wielkich Jezior. Ka\u017cda sztuka wyr\u00f3\u017cnia si\u0119 wyrazistym wzorem oraz nadrukowanym przys\u0142owiem lub sentencj\u0105.<\/span><\/p>\n<p><span style=\"font-weight: 400;\">We wschodniej Afryce kangami obdarowuje si\u0119 bliskich: m\u0105\u017c daje j\u0105 \u017conie, dzieci wr\u0119czaj\u0105 matce w podzi\u0119kowaniu, przyjaci\u00f3\u0142ki dziel\u0105 si\u0119 ni\u0105 jako symbolem wi\u0119zi, a rodzice przekazuj\u0105 c\u00f3rce w posagu lub z okazji narodzin dziecka.<\/span><\/p>\n<p><span style=\"font-weight: 400;\">Wykonana w 100% z bawe\u0142ny, kanga jest lekka, przewiewna i bardzo przyjemna w dotyku. Tradycyjnie noszona jako okrycie cia\u0142a w formie sp\u00f3dnicy, sukienki, chusty czy pareo.<\/span><\/p>\n<p><span style=\"font-weight: 400;\">W zestawie znajdziecie r\u00f3wnie\u017c specjaln\u0105 ksi\u0105\u017ceczk\u0119 z instrukcjami, kt\u00f3ra pokazuje, jak na setki sposob\u00f3w zawi\u0105za\u0107 i nosi\u0107 ten wyj\u0105tkowy materia\u0142.<\/span><\/p>\n<p><span style=\"font-weight: 400;\"> W zestawie znajdziecie autograf S\u0142awka z dedykacj\u0105.\u00a0<\/span><\/p>\n<p><span style=\"font-weight: 400;\"> Uwaga: mamy tylko jedn\u0105 sztuk\u0119.<\/span><\/p>\n<p><span style=\"font-weight: 400;\"> Doch\u00f3d ze sprzeda\u017cy zostanie w ca\u0142o\u015bci przekazany na cele charytatywne.<\/span><\/p>\n","protected":false},"excerpt":{"rendered":"<p>\u015aledzicie podr\u00f3\u017ce S\u0142awka? Podczas jednej ze swoich afryka\u0144skich wypraw przywi\u00f3z\u0142 niezwyk\u0142\u0105 pami\u0105tk\u0119 kang\u0119, tradycyjny materia\u0142 z Afryki Wschodniej. Kanga to kolorowa, bawe\u0142niana tkanina, wyj\u0105tkowo popularna w Tanzanii, Kenii i krajach regionu Wielkich Jezior. Ka\u017cda sztuka wyr\u00f3\u017cnia si\u0119 wyrazistym wzorem oraz nadrukowanym przys\u0142owiem lub sentencj\u0105. We wschodniej Afryce kangami obdarowuje si\u0119 bliskich: m\u0105\u017c daje j\u0105 \u017conie, [&hellip;]<\/p>\n","protected":false},"featured_media":15729,"comment_status":"closed","ping_status":"closed","template":"","meta":{"inline_featured_image":false},"product_brand":[],"product_cat":[231],"product_tag":[],"class_list":{"0":"post-15737","1":"product","2":"type-product","3":"status-publish","4":"has-post-thumbnail","6":"product_cat-pomagamy","8":"first","9":"outofstock","10":"taxable","11":"shipping-taxable","12":"purchasable","13":"product-type-simple"},"_links":{"self":[{"href":"https:\/\/kanga.exchange\/shop\/wp-json\/wp\/v2\/product\/15737","targetHints":{"allow":["GET"]}}],"collection":[{"href":"https:\/\/kanga.exchange\/shop\/wp-json\/wp\/v2\/product"}],"about":[{"href":"https:\/\/kanga.exchange\/shop\/wp-json\/wp\/v2\/types\/product"}],"replies":[{"embeddable":true,"href":"https:\/\/kanga.exchange\/shop\/wp-json\/wp\/v2\/comments?post=15737"}],"wp:featuredmedia":[{"embeddable":true,"href":"https:\/\/kanga.exchange\/shop\/wp-json\/wp\/v2\/media\/15729"}],"wp:attachment":[{"href":"https:\/\/kanga.exchange\/shop\/wp-json\/wp\/v2\/media?parent=15737"}],"wp:term":[{"taxonomy":"product_brand","embeddable":true,"href":"https:\/\/kanga.exchange\/shop\/wp-json\/wp\/v2\/product_brand?post=15737"},{"taxonomy":"product_cat","embeddable":true,"href":"https:\/\/kanga.exchange\/shop\/wp-json\/wp\/v2\/product_cat?post=15737"},{"taxonomy":"product_tag","embeddable":true,"href":"https:\/\/kanga.exchange\/shop\/wp-json\/wp\/v2\/product_tag?post=15737"}],"curies":[{"name":"wp","href":"https:\/\/api.w.org\/{rel}","templated":true}]}}