{"id":11088,"date":"2025-03-06T12:22:05","date_gmt":"2025-03-06T11:22:05","guid":{"rendered":"https:\/\/kanga.exchange\/shop\/?post_type=product&#038;p=11088"},"modified":"2025-09-19T11:16:11","modified_gmt":"2025-09-19T09:16:11","slug":"przypinki","status":"publish","type":"product","link":"https:\/\/kanga.exchange\/shop\/produkt\/przypinki\/","title":{"rendered":"Przypinki"},"content":{"rendered":"<p><strong>Dost\u0119pne wzory przypinek:<\/strong><\/p>\n<ul>\n<li style=\"font-weight: 400;\" aria-level=\"1\"><span style=\"font-weight: 400;\"><strong>KNF<\/strong> \u2013 <\/span><i><span style=\"font-weight: 400;\">KANGA NA FALI<\/span><\/i><\/li>\n<li style=\"font-weight: 400;\" aria-level=\"1\"><span style=\"font-weight: 400;\"><strong>BCK<\/strong> \u2013 <\/span><i><span style=\"font-weight: 400;\">BITCOIN CI\u0104GLE KR\u00d3LEM<\/span><\/i><\/li>\n<li style=\"font-weight: 400;\" aria-level=\"1\"><span style=\"font-weight: 400;\"><strong>VPN<\/strong> \u2013 <\/span><i><span style=\"font-weight: 400;\">WOLNO\u015a\u0106 PONAD NORMY<\/span><\/i><\/li>\n<\/ul>\n<p><b>Specyfikacja:<\/b><\/p>\n<ul>\n<li style=\"font-weight: 400;\" aria-level=\"1\"><b>\u015arednica:<\/b><span style=\"font-weight: 400;\"> 6 cm<\/span><\/li>\n<li style=\"font-weight: 400;\" aria-level=\"1\"><b>Korpus:<\/b><span style=\"font-weight: 400;\"> aluminiowy<\/span><\/li>\n<li style=\"font-weight: 400;\" aria-level=\"1\"><b>Nadruk:<\/b><span style=\"font-weight: 400;\"> zabezpieczony specjaln\u0105 foli\u0105 ochronn\u0105 przed wp\u0142ywem czynnik\u00f3w atmosferycznych<\/span><\/li>\n<li style=\"font-weight: 400;\" aria-level=\"1\"><b>Ty\u0142:<\/b><span style=\"font-weight: 400;\"> aluminiowy, z agrafk\u0105 do przymocowania do odzie\u017cy i galanterii.<\/span><\/li>\n<\/ul>\n<p><span style=\"font-weight: 400;\">Oddajemy w Wasze r\u0119ce przypinki, kt\u00f3re \u0142\u0105cz\u0105 funkcjonalno\u015b\u0107 z bliskim naszym sercom przekazem \ud83d\ude09<\/span><\/p>\n<p><span style=\"font-weight: 400;\">P\u0142atno\u015b\u0107 Kanga Pay daje rabat -15%.<\/span><\/p>\n","protected":false},"excerpt":{"rendered":"<p><span style=\"font-weight: 400;\">Wszyscy, kt\u00f3rzy \u015bledz\u0105 nasze poczynania w przestrzeni publicznej na pewno mieli okazj\u0119 pozna\u0107 nasze ulubione has\u0142a takie jak<\/span><i><span style=\"font-weight: 400;\"> Kanga na Fali <\/span><\/i><span style=\"font-weight: 400;\">czy<\/span><i><span style=\"font-weight: 400;\"> Bitcoin ci\u0105gle kr\u00f3lem!<\/span><\/i><span style=\"font-weight: 400;\"> Teraz z uwagi na ich rosn\u0105c\u0105 popularno\u015b\u0107 zdecydowali\u015bmy si\u0119 wyprodukowa\u0107 wyj\u0105tkowy przypinki z tymi w\u0142a\u015bnie has\u0142ami.\u00a0<\/span><\/p>\n","protected":false},"featured_media":11083,"comment_status":"closed","ping_status":"closed","template":"","meta":{"inline_featured_image":false},"product_brand":[],"product_cat":[160,208],"product_tag":[],"class_list":{"0":"post-11088","1":"product","2":"type-product","3":"status-publish","4":"has-post-thumbnail","6":"product_cat-gadzetyiakcesoriabiurowe","7":"product_cat-przypinki","9":"first","10":"instock","11":"taxable","12":"shipping-taxable","13":"purchasable","14":"product-type-simple"},"_links":{"self":[{"href":"https:\/\/kanga.exchange\/shop\/wp-json\/wp\/v2\/product\/11088","targetHints":{"allow":["GET"]}}],"collection":[{"href":"https:\/\/kanga.exchange\/shop\/wp-json\/wp\/v2\/product"}],"about":[{"href":"https:\/\/kanga.exchange\/shop\/wp-json\/wp\/v2\/types\/product"}],"replies":[{"embeddable":true,"href":"https:\/\/kanga.exchange\/shop\/wp-json\/wp\/v2\/comments?post=11088"}],"wp:featuredmedia":[{"embeddable":true,"href":"https:\/\/kanga.exchange\/shop\/wp-json\/wp\/v2\/media\/11083"}],"wp:attachment":[{"href":"https:\/\/kanga.exchange\/shop\/wp-json\/wp\/v2\/media?parent=11088"}],"wp:term":[{"taxonomy":"product_brand","embeddable":true,"href":"https:\/\/kanga.exchange\/shop\/wp-json\/wp\/v2\/product_brand?post=11088"},{"taxonomy":"product_cat","embeddable":true,"href":"https:\/\/kanga.exchange\/shop\/wp-json\/wp\/v2\/product_cat?post=11088"},{"taxonomy":"product_tag","embeddable":true,"href":"https:\/\/kanga.exchange\/shop\/wp-json\/wp\/v2\/product_tag?post=11088"}],"curies":[{"name":"wp","href":"https:\/\/api.w.org\/{rel}","templated":true}]}}