{"id":10932,"date":"2025-02-14T13:28:30","date_gmt":"2025-02-14T12:28:30","guid":{"rendered":"https:\/\/kanga.exchange\/shop\/?post_type=product&#038;p=10932"},"modified":"2025-09-19T13:04:34","modified_gmt":"2025-09-19T11:04:34","slug":"utopia-nad-wisla-historia-peerelu","status":"publish","type":"product","link":"https:\/\/kanga.exchange\/shop\/produkt\/utopia-nad-wisla-historia-peerelu\/","title":{"rendered":"Utopia nad Wis\u0142\u0105. Historia Peerelu"},"content":{"rendered":"<p><span style=\"font-weight: 400;\">Behind the Scenes of the People&#8217;s Republic of Poland<\/span><\/p>\n<p><span style=\"font-weight: 400;\">Even though many years have passed since the fall of communist rule in Poland, this period still causes debates and controversies\u2014not only among historians but also among politicians and journalists.<\/span><\/p>\n<p><span style=\"font-weight: 400;\">Kulisy Peerelu Mimo \u017ce od upadku PRL min\u0119\u0142o ju\u017c kilkadziesi\u0105t lat, okres rz\u0105d\u00f3w komunistycznych w Polsce wci\u0105\u017c wzbudza kontrowersje i jest przedmiotem spor\u00f3w oraz dyskusji \u2013 nie tylko w\u015br\u00f3d historyk\u00f3w, lecz tak\u017ce polityk\u00f3w i dziennikarzy. Antoni Dudek i Zdzis\u0142aw Zblewski, historycy, kt\u00f3rzy od lat zajmuj\u0105 si\u0119 analiz\u0105 dziej\u00f3w powojennej Polski, stworzyli wyj\u0105tkowe kompendium wiedzy na temat epoki Polskiej Rzeczpospolitej Ludowej, obejmuj\u0105ce okres od pocz\u0105tku rz\u0105d\u00f3w komunistycznych, a\u017c do ich upadku. Opieraj\u0105c si\u0119 na swojej rozleg\u0142ej wiedzy z zakresu historii PRL, omawiaj\u0105 najwa\u017cniejsze wydarzenia tego czasu, analizuj\u0105 najwi\u0119ksze kryzysy polityczno-spo\u0142eczne oraz przedstawiaj\u0105 sukcesy i pora\u017cki systemu. Utopia nad Wis\u0142\u0105. Historia Peerelu stanowi niezwykle wnikliwe i przede wszystkim rzetelne spojrzenie na histori\u0119 PRL. To ksi\u0105\u017cka zar\u00f3wno dla czytelnik\u00f3w posiadaj\u0105cych wiedz\u0119 na temat tego okresu w historii Polski, jak i tych, kt\u00f3rzy chc\u0105 dowiedzie\u0107 si\u0119 na jego temat wi\u0119cej.<\/span><\/p>\n<p><span style=\"font-weight: 400;\">Powy\u017cszy opis pochodzi od wydawcy.<\/span><\/p>\n<p><strong>Informacje o produkcie:<\/strong><\/p>\n<p><span style=\"font-weight: 400;\">Tytu\u0142: Utopia nad Wis\u0142\u0105. Historia Peerelu<\/span><\/p>\n<p><span style=\"font-weight: 400;\">Autor: Dudek Antoni, Zblewski Zdzis\u0142aw<\/span><\/p>\n<p><span style=\"font-weight: 400;\">Wydawnictwo: Wydawnictwo Naukowe PWN<\/span><\/p>\n<p><span style=\"font-weight: 400;\">J\u0119zyk wydania: polski<\/span><\/p>\n<p><span style=\"font-weight: 400;\">Ok\u0142adka: mi\u0119kka<\/span><\/p>\n<p><strong>Ka\u017cdy egzemplarz zosta\u0142 osobi\u015bcie podpisany przez autora, Antoniego Dudka<\/strong><\/p>\n<p><span style=\"font-weight: 400;\">P\u0142atno\u015b\u0107 Kanga Pay daje rabat -15%.<\/span><\/p>\n","protected":false},"excerpt":{"rendered":"<p>Behind the Scenes of the People&#8217;s Republic of Poland Even though many years have passed since the fall of communist rule in Poland, this period still causes debates and controversies\u2014not only among historians but also among politicians and journalists. Kulisy Peerelu Mimo \u017ce od upadku PRL min\u0119\u0142o ju\u017c kilkadziesi\u0105t lat, okres rz\u0105d\u00f3w komunistycznych w Polsce [&hellip;]<\/p>\n","protected":false},"featured_media":10927,"comment_status":"open","ping_status":"closed","template":"","meta":{"inline_featured_image":false},"product_brand":[],"product_cat":[83],"product_tag":[],"class_list":{"0":"post-10932","1":"product","2":"type-product","3":"status-publish","4":"has-post-thumbnail","6":"product_cat-ksiazki","8":"first","9":"instock","10":"sale","11":"taxable","12":"shipping-taxable","13":"purchasable","14":"product-type-simple"},"_links":{"self":[{"href":"https:\/\/kanga.exchange\/shop\/wp-json\/wp\/v2\/product\/10932","targetHints":{"allow":["GET"]}}],"collection":[{"href":"https:\/\/kanga.exchange\/shop\/wp-json\/wp\/v2\/product"}],"about":[{"href":"https:\/\/kanga.exchange\/shop\/wp-json\/wp\/v2\/types\/product"}],"replies":[{"embeddable":true,"href":"https:\/\/kanga.exchange\/shop\/wp-json\/wp\/v2\/comments?post=10932"}],"wp:featuredmedia":[{"embeddable":true,"href":"https:\/\/kanga.exchange\/shop\/wp-json\/wp\/v2\/media\/10927"}],"wp:attachment":[{"href":"https:\/\/kanga.exchange\/shop\/wp-json\/wp\/v2\/media?parent=10932"}],"wp:term":[{"taxonomy":"product_brand","embeddable":true,"href":"https:\/\/kanga.exchange\/shop\/wp-json\/wp\/v2\/product_brand?post=10932"},{"taxonomy":"product_cat","embeddable":true,"href":"https:\/\/kanga.exchange\/shop\/wp-json\/wp\/v2\/product_cat?post=10932"},{"taxonomy":"product_tag","embeddable":true,"href":"https:\/\/kanga.exchange\/shop\/wp-json\/wp\/v2\/product_tag?post=10932"}],"curies":[{"name":"wp","href":"https:\/\/api.w.org\/{rel}","templated":true}]}}