{"id":10768,"date":"2025-02-12T13:06:31","date_gmt":"2025-02-12T12:06:31","guid":{"rendered":"https:\/\/kanga.exchange\/shop\/?post_type=product&#038;p=10768"},"modified":"2025-10-17T23:29:23","modified_gmt":"2025-10-17T21:29:23","slug":"ksiazka-1984","status":"publish","type":"product","link":"https:\/\/kanga.exchange\/shop\/produkt\/ksiazka-1984\/","title":{"rendered":"Ksi\u0105\u017cka 1984"},"content":{"rendered":"<p><span style=\"font-weight: 400;\">&#8222;1984&#8221; George\u2019a Orwella to jedna z najpopularniejszych powie\u015bci XX wieku, przedstawiaj\u0105ca dystopijn\u0105 przysz\u0142o\u015b\u0107, w kt\u00f3rej rz\u0105dzi wszechobecny, totalitarny rz\u0105d.<\/span><\/p>\n<p><span style=\"font-weight: 400;\">Ta wstrz\u0105saj\u0105ca opowie\u015b\u0107 o \u017cyciu pod despotycznym re\u017cimem, w \u015bwiecie pozbawionym prywatno\u015bci i podstawowych ludzkich praw, jest przestrog\u0105 przed niebezpiecze\u0144stwami absolutnej w\u0142adzy i zniewolenia umys\u0142\u00f3w.<\/span><\/p>\n<p><b>Informacje o produkcie:<\/b><\/p>\n<p><span style=\"font-weight: 400;\">Tytu\u0142: 1984<\/span><\/p>\n<p><span style=\"font-weight: 400;\">Autor: George Orwell<\/span><\/p>\n<p><span style=\"font-weight: 400;\">Wydawnictwo: wydawnictwo Bellona<\/span><\/p>\n<p><span style=\"font-weight: 400;\">J\u0119zyk wydania: polski<\/span><\/p>\n<p><span style=\"font-weight: 400;\">Ok\u0142adka: twarda, z\u0142ocone brzegi<\/span><\/p>\n<p><span style=\"font-weight: 400;\">Liczba stron: 432<\/span><\/p>\n<p><span style=\"font-weight: 400;\">Rozmiar: 18,5&#215;12,5 cm<\/span><\/p>\n<p><span style=\"font-weight: 400;\">Zam\u00f3w teraz w naszym sklepie kryptowalutowym!<\/span><\/p>\n<p><strong>Edycja kolekcjonerska, z\u0142ocone boki ksi\u0105\u017cki<\/strong><\/p>\n<p><strong>P\u0142atno\u015b\u0107 Kanga Pay daje rabat -15%<\/strong><\/p>\n","protected":false},"excerpt":{"rendered":"<p>&#8222;1984&#8221; George\u2019a Orwella to jedna z najpopularniejszych powie\u015bci XX wieku, przedstawiaj\u0105ca dystopijn\u0105 przysz\u0142o\u015b\u0107, w kt\u00f3rej rz\u0105dzi wszechobecny, totalitarny rz\u0105d. Ta wstrz\u0105saj\u0105ca opowie\u015b\u0107 o \u017cyciu pod despotycznym re\u017cimem, w \u015bwiecie pozbawionym prywatno\u015bci i podstawowych ludzkich praw, jest przestrog\u0105 przed niebezpiecze\u0144stwami absolutnej w\u0142adzy i zniewolenia umys\u0142\u00f3w. Informacje o produkcie: Tytu\u0142: 1984 Autor: George Orwell Wydawnictwo: wydawnictwo Bellona [&hellip;]<\/p>\n","protected":false},"featured_media":10761,"comment_status":"open","ping_status":"closed","template":"","meta":{"inline_featured_image":false},"product_brand":[],"product_cat":[83],"product_tag":[],"class_list":{"0":"post-10768","1":"product","2":"type-product","3":"status-publish","4":"has-post-thumbnail","6":"product_cat-ksiazki","8":"first","9":"instock","10":"sale","11":"taxable","12":"shipping-taxable","13":"purchasable","14":"product-type-simple"},"_links":{"self":[{"href":"https:\/\/kanga.exchange\/shop\/wp-json\/wp\/v2\/product\/10768","targetHints":{"allow":["GET"]}}],"collection":[{"href":"https:\/\/kanga.exchange\/shop\/wp-json\/wp\/v2\/product"}],"about":[{"href":"https:\/\/kanga.exchange\/shop\/wp-json\/wp\/v2\/types\/product"}],"replies":[{"embeddable":true,"href":"https:\/\/kanga.exchange\/shop\/wp-json\/wp\/v2\/comments?post=10768"}],"wp:featuredmedia":[{"embeddable":true,"href":"https:\/\/kanga.exchange\/shop\/wp-json\/wp\/v2\/media\/10761"}],"wp:attachment":[{"href":"https:\/\/kanga.exchange\/shop\/wp-json\/wp\/v2\/media?parent=10768"}],"wp:term":[{"taxonomy":"product_brand","embeddable":true,"href":"https:\/\/kanga.exchange\/shop\/wp-json\/wp\/v2\/product_brand?post=10768"},{"taxonomy":"product_cat","embeddable":true,"href":"https:\/\/kanga.exchange\/shop\/wp-json\/wp\/v2\/product_cat?post=10768"},{"taxonomy":"product_tag","embeddable":true,"href":"https:\/\/kanga.exchange\/shop\/wp-json\/wp\/v2\/product_tag?post=10768"}],"curies":[{"name":"wp","href":"https:\/\/api.w.org\/{rel}","templated":true}]}}