{"id":5976,"date":"2023-08-09T16:51:48","date_gmt":"2023-08-09T14:51:48","guid":{"rendered":"https:\/\/kanga.exchange\/shop\/polityka-prywatnosci\/"},"modified":"2025-05-22T14:34:40","modified_gmt":"2025-05-22T12:34:40","slug":"polityka-prywatnosci","status":"publish","type":"page","link":"https:\/\/kanga.exchange\/shop\/polityka-prywatnosci\/","title":{"rendered":"Polityka prywatno\u015bci"},"content":{"rendered":"<ol>\n<li><b> Definicje i informacje og\u00f3lne<\/b><\/li>\n<\/ol>\n<p><b><i>Administrator<\/i><\/b>\u00a0\u2013 Administratorem danych osobowych jest INDIVIDUELLE Sp. z o.o. z siedzib\u0105 w Gda\u0144sku, Lucyny Krzemienieckiej 9A, 80-448 Gda\u0144sk, wpisana do rejestru przedsi\u0119biorc\u00f3w Krajowego Rejestru S\u0105dowego pod nr 0000701199, akta rejestrowe z\u0142o\u017cone w S\u0105dzie Rejonowy Gda\u0144sk-P\u00f3\u0142noc w Gda\u0144sku, VII Wydzia\u0142 Gospodarczy KRS, NIP: 5833269958, REGON: 368597850, nr BDO: 000613175, e-mail: shop@kanga.exchange<\/p>\n<p><b><i>Dane osobowe <\/i><\/b>\u2013 informacje o zidentyfikowanej lub mo\u017cliwej do zidentyfikowania osobie fizycznej. Mo\u017cliwa do zidentyfikowania osoba fizyczna to osoba, kt\u00f3r\u0105 mo\u017cna bezpo\u015brednio lub po\u015brednio zidentyfikowa\u0107, a w szczeg\u00f3lno\u015bci na podstawie identyfikatora takiego jak imi\u0119 i nazwisko, numer identyfikacyjny, dane o lokalizacji, identyfikator internetowy lub jedn\u0105 b\u0105d\u017a kilka szczeg\u00f3lnych czynnik\u00f3w okre\u015blaj\u0105cych fizyczn\u0105, fizjologiczn\u0105, genetyczn\u0105, psychiczn\u0105, ekonomiczn\u0105, kulturow\u0105 lub spo\u0142eczn\u0105 to\u017csamo\u015b\u0107 osoby fizycznej.<\/p>\n<p><b><i>Cookies <\/i><\/b>\u2013 oznacza dane informatyczne, w szczeg\u00f3lno\u015bci niewielkie pliki tekstowe, zapisywane i przechowywane na urz\u0105dzeniach, za po\u015brednictwem kt\u00f3rych U\u017cytkownik korzysta ze strony internetowej Serwisu.<\/p>\n<p><b><i>Cookies Administratora <\/i><\/b>\u2013 oznacza Cookies zamieszczane przez Administratora, zwi\u0105zane ze \u015bwiadczeniem us\u0142ug droga elektroniczn\u0105 przez Administratora za po\u015brednictwem Serwisu.<\/p>\n<p><b><i>Cookies Zewn\u0119trzne <\/i><\/b>\u2013 oznacza Cookies zamieszczane przez partner\u00f3w Administratora, za po\u015brednictwem strony internetowej Serwisu.<\/p>\n<p><b><i>Serwis<\/i><\/b> \u2013 pod poj\u0119ciem serwis rozumiemy stron\u0119 internetow\u0105: kanga.exchange\/shop.<\/p>\n<p><b><i>Profilowanie<\/i><\/b> \u2013 oznacza form\u0119 zautomatyzowanego przetwarzania danych osobowych, kt\u00f3re polega na wykorzystaniu danych osobowych do oceny niekt\u00f3rych czynnik\u00f3w osobowych osoby fizycznej, w szczeg\u00f3lno\u015bci do analizy lub prognozy aspekt\u00f3w dotycz\u0105cych osobistych preferencji i zainteresowa\u0144.<\/p>\n<p><b><i>U\u017cytkownik<\/i><\/b> \u2013 pod poj\u0119ciem U\u017cytkownika rozumiemy ka\u017cd\u0105 osob\u0119 odwiedzaj\u0105c\u0105 Serwis, przy wykorzystaniu komputera, tabletu, telefonu lub urz\u0105dzenia przeno\u015bnego i sieci Internet.<\/p>\n<ol>\n<li><b> Podstawa prawna przetwarzania danych U\u017cytkownika oraz ich zakres<\/b><\/li>\n<\/ol>\n<ol>\n<li style=\"font-weight: 400;\" aria-level=\"1\">Dane osobowe zbierane przez Administratora s\u0105 przetwarzane zgodnie z przepisami Rozporz\u0105dzenia Parlamentu Europejskiego i Rady (UE) 2016\/679 z dnia 27 kwietnia 2016 r. w sprawie ochrony os\u00f3b fizycznych w zwi\u0105zku z\u00a0 przetwarzaniem danych osobowych i w sprawie swobodnego przep\u0142ywu takich danych oraz uchylenia dyrektywy 95\/46\/WE (dalej jako \u201eRODO\u201d), ustawy z dnia 10 maja 2018 r. o ochronie danych osobowych (Dz. U. 2018 poz.1000) oraz ustawy z dnia 18 lipca 2002 r. o \u015bwiadczeniu us\u0142ug drog\u0105 elektroniczn\u0105 (Dz. U. z 2017 r., poz. 1219 ze zm.).<\/li>\n<li style=\"font-weight: 400;\" aria-level=\"1\">Administrator przetwarza jedynie dane osobowe, kt\u00f3re U\u017cytkownik poda\u0142 w zwi\u0105zku z korzystaniem z Serwisu. Przetwarzanie danych U\u017cytkownik\u00f3w odbywa si\u0119 w zakresie:\u00a0\n<ol>\n<li style=\"font-weight: 400;\" aria-level=\"2\">nawi\u0105zania kontaktu\u00a0 \u2013 na podstawie art. 6 ust. 1 lit a RODO, tj. na podstawie zgody wyra\u017conej przez osob\u0119, kt\u00f3rej dane dotycz\u0105,<\/li>\n<li style=\"font-weight: 400;\" aria-level=\"2\">realizacji zam\u00f3wienia (zakres danych: imi\u0119, nazwisko, adres, adres e-mail, numer telefonu, opcjonalnie nazwa firmy je\u017celi dotyczy) \u2013 na podstawie art. 6 ust. 1 lit b RODO, tj. w celu wykonania umowy, kt\u00f3rej stron\u0105 jest U\u017cytkownik,<\/li>\n<li style=\"font-weight: 400;\" aria-level=\"2\">dochodzenia nale\u017cno\u015bci \u2013 na podstawie art. 6 ust. 1 lit. f RODO, tj. z uwagi na okoliczno\u015b\u0107, i\u017c przetwarzanie jest niezb\u0119dne do cel\u00f3w wynikaj\u0105cych z prawnie uzasadnionych interes\u00f3w realizowanych przez Administratora lub przez stron\u0119 trzeci\u0105,<\/li>\n<li style=\"font-weight: 400;\" aria-level=\"2\">wype\u0142nienia obowi\u0105zk\u00f3w prawnych ci\u0105\u017c\u0105cych na Administratorze w zwi\u0105zku z prowadzeniem dzia\u0142alno\u015bci gospodarczej \u2013 na podstawie art. 6 ust. 1 lit. c RODO, tj. z uwagi na okoliczno\u015b\u0107, i\u017c przetwarzanie jest niezb\u0119dne do wype\u0142nienia obowi\u0105zku prawnego ci\u0105\u017c\u0105cego na Administratorze,<\/li>\n<li style=\"font-weight: 400;\" aria-level=\"2\">prowadzenia dzia\u0142a\u0144 marketingu produkt\u00f3w lub us\u0142ug, w tym prowadzenia newslettera \u2013 na podstawie odr\u0119bnie udzielonej zgody (art. 6 ust. 1 lit. a RODO),<\/li>\n<li style=\"font-weight: 400;\" aria-level=\"2\">przesy\u0142ania informacji handlowych drog\u0105 elektroniczn\u0105 na podstawie odr\u0119bnie udzielonej zgody (art. 6 ust. 1 lit. a RODO),<\/li>\n<li style=\"font-weight: 400;\" aria-level=\"2\">u\u017cywanie telekomunikacyjnych urz\u0105dze\u0144 ko\u0144cowych i automatycznych system\u00f3w wywo\u0142uj\u0105cych dla cel\u00f3w marketingu bezpo\u015bredniego zgodnie z art. 172 ustawy w z dnia 16 lipca 2004 r. Prawo telekomunikacyjne (Dz. U. z 2017 r. poz.1907 ze zm.) &#8211; na podstawie odr\u0119bnie udzielonej zgody.<\/li>\n<\/ol>\n<\/li>\n<li style=\"font-weight: 400;\" aria-level=\"1\">Przegl\u0105danie zawarto\u015bci Serwisu nie wymaga podawania danych osobowych innych ni\u017c pozyskiwane automatycznie informacje o parametrach po\u0142\u0105czenia.<\/li>\n<\/ol>\n<p><b>III. Zgodno\u015b\u0107 przetwarzania z prawem oraz zastosowanie odpowiednich zabezpiecze\u0144<\/b><\/p>\n<ol>\n<li style=\"font-weight: 400;\" aria-level=\"1\">Administrator przetwarza dane zgodnie z prawem, zbiera je dla oznaczonych, zgodnych z prawem cel\u00f3w i nie poddaje dalszemu przetwarzaniu niezgodnemu z tymi celami. Dane s\u0105 zbierane jedynie w adekwatnym, niezb\u0119dnym i koniecznym zakresie w stosunku do cel\u00f3w, w jakich s\u0105 przetwarzane. Dane osobowe U\u017cytkownik\u00f3w mog\u0105 zosta\u0107 przekazane przez Administratora podmiotom trzecim, kt\u00f3re mog\u0105 by\u0107 zainteresowane zawarciem z U\u017cytkownikiem umowy, kt\u00f3rej szczeg\u00f3\u0142owa tre\u015b\u0107 okre\u015blana b\u0119dzie bezpo\u015brednio pomi\u0119dzy U\u017cytkownikiem, a podmiotem trzecim.\u00a0<\/li>\n<li style=\"font-weight: 400;\" aria-level=\"1\">Administrator nie przetwarza szczeg\u00f3lnych kategorii danych osobowych.<\/li>\n<li style=\"font-weight: 400;\" aria-level=\"1\">Administrator dok\u0142ada wszelkich stara\u0144, aby chroni\u0107 dane osobowe U\u017cytkownik\u00f3w przed nieuprawnionym dost\u0119pem do nich os\u00f3b trzecich i w tym zakresie stosuje organizacyjne i techniczne \u015brodki bezpiecze\u0144stwa na wysokim poziomie. Administrator nie udost\u0119pnia danych osobowych \u017cadnym nieuprawnionym do tego zgodnie z bezwzgl\u0119dnie obowi\u0105zuj\u0105cymi w tym zakresie przepisami prawa odbiorcom. Administrator mo\u017ce powierzy\u0107 innemu podmiotowi, w drodze umowy zawartej na pi\u015bmie, przetwarzanie danych osobowych w imieniu Administratora. Dane mog\u0105 by\u0107 udost\u0119pniane podmiotom uprawnionym do ich otrzymania na mocy bezwzgl\u0119dnie obowi\u0105zuj\u0105cych przepis\u00f3w prawa.<\/li>\n<li style=\"font-weight: 400;\" aria-level=\"1\">Administrator stosuje zabezpieczenia serwer\u00f3w, po\u0142\u0105cze\u0144 i Serwisu. Wszystkie po\u0142\u0105czenia zwi\u0105zane z wykonywaniem przez U\u017cytkownik\u00f3w p\u0142atno\u015bci elektronicznych, w przypadku wyboru takiej opcji, b\u0119d\u0105 nast\u0119powa\u0107 za po\u015brednictwem bezpiecznego szyfrowanego po\u0142\u0105czenia SSL. Podj\u0119te przez Administratora dzia\u0142ania mog\u0105 okaza\u0107 si\u0119 jednak niewystarczaj\u0105ce, je\u017celi U\u017cytkownicy nie zachowaj\u0105 zasad bezpiecze\u0144stwa.\u00a0<\/li>\n<\/ol>\n<ol>\n<li><b> Automatyczne przetwarzanie danych osobowych (profilowanie)<\/b><\/li>\n<\/ol>\n<ol>\n<li style=\"font-weight: 400;\" aria-level=\"1\">W celu zapewnienia najkorzystniejszej, dopasowanej, spersonalizowanej oferty dla swoich U\u017cytkownik\u00f3w oraz w celach niezb\u0119dnych do zawarcia lub wykonania umowy mi\u0119dzy osob\u0105, kt\u00f3rej dane dotycz\u0105, a Administratorem, a tak\u017ce w przypadku wyra\u017anej zgody osoby, kt\u00f3rej dane dotycz\u0105, Administrator danych mo\u017ce stosowa\u0107 Profilowanie.<\/li>\n<li style=\"font-weight: 400;\" aria-level=\"1\">W przypadku przetwarzania danych dla cel\u00f3w marketingu bezpo\u015bredniego w tym Profilowania, przetwarzania opartego na prawnie uzasadnionym interesie Administratora, do cel\u00f3w bada\u0144 naukowych, historycznych i statystycznych podmiotom danych przys\u0142uguje prawo do sprzeciwu, ze wzgl\u0119du na szczeg\u00f3ln\u0105 sytuacj\u0119 osoby, kt\u00f3rej dane dotycz\u0105. Administrator nie podejmuje decyzji, kt\u00f3ra opiera si\u0119 wy\u0142\u0105cznie na zautomatyzowanym przetwarzaniu, w tym Profilowaniu i istotnie wp\u0142ywa na osob\u0119, kt\u00f3rej dane dotycz\u0105. Administrator wdra\u017ca w\u0142a\u015bciwe \u015brodki ochrony praw, wolno\u015bci i prawnie uzasadnionych interes\u00f3w osoby, kt\u00f3rej dane dotycz\u0105, a co najmniej prawa do uzyskania interwencji ludzkiej ze strony Administratora, do wyra\u017cenia w\u0142asnego stanowiska i do zakwestionowania decyzji b\u0119d\u0105cej wynikiem zautomatyzowanego przetwarzania danych.<\/li>\n<\/ol>\n<ol>\n<li><b> Czas przetwarzania danych osobowych<\/b><\/li>\n<\/ol>\n<ol>\n<li style=\"font-weight: 400;\" aria-level=\"1\">Dane osobowe b\u0119d\u0105 przetwarzane przez okres:\u00a0\n<ol>\n<li style=\"font-weight: 400;\" aria-level=\"2\">niezb\u0119dny do realizacji um\u00f3w zawartych za po\u015brednictwem Serwisu, w tym tak\u017ce po ich wykonaniu z uwagi na mo\u017cliwo\u015b\u0107 skorzystania przez strony z przys\u0142uguj\u0105cych im praw wynikaj\u0105cych z umowy, a tak\u017ce ze wzgl\u0119du na ewentualne dochodzenie nale\u017cno\u015bci \u2013 do chwili up\u0142ywu terminu przedawnienia roszcze\u0144;<\/li>\n<li style=\"font-weight: 400;\" aria-level=\"2\">do czasu cofni\u0119cia wyra\u017conej zgody b\u0105d\u017a z\u0142o\u017cenia sprzeciwu wobec przetwarzania danych \u2013 w przypadkach przetwarzania danych osobowych U\u017cytkownika na podstawie odr\u0119bnej zgody.<\/li>\n<\/ol>\n<\/li>\n<li style=\"font-weight: 400;\" aria-level=\"1\">Administrator przechowuje dane osobowe U\u017cytkownik\u00f3w r\u00f3wnie\u017c w przypadku, gdy jest to konieczne do wype\u0142nienia ci\u0105\u017c\u0105cych na nim zobowi\u0105za\u0144 prawnych, rozwi\u0105zania spor\u00f3w, wyegzekwowania zobowi\u0105za\u0144 U\u017cytkownika, utrzymywania bezpiecze\u0144stwa, zapobiegania oszustwom i nadu\u017cyciom.<\/li>\n<\/ol>\n<ol>\n<li><b> Uprawnienia U\u017cytkownika<\/b><\/li>\n<\/ol>\n<ol>\n<li style=\"font-weight: 400;\" aria-level=\"1\">Administrator zapewnia U\u017cytkownikom realizacj\u0119 uprawnie\u0144, o kt\u00f3rych mowa w pkt. 2 poni\u017cej. W celu realizacji uprawnie\u0144, nale\u017cy wys\u0142a\u0107 odpowiednie \u017c\u0105danie (odpowiedni\u0105 pro\u015bb\u0119) poczt\u0105 elektroniczn\u0105 na adres: shop@kanga.exchange<\/li>\n<li style=\"font-weight: 400;\" aria-level=\"1\">U\u017cytkownik ma prawo do:\u00a0\n<ol>\n<li style=\"font-weight: 400;\" aria-level=\"2\">dost\u0119pu do tre\u015bci danych \u2013 zgodnie z art. 15 RODO,<\/li>\n<li style=\"font-weight: 400;\" aria-level=\"2\">sprostowania\/zaktualizowania danych \u2013 zgodnie z art. 16 RODO,<\/li>\n<li style=\"font-weight: 400;\" aria-level=\"2\">usuni\u0119cia danych \u2013 zgodnie z art. 17 RODO,<\/li>\n<li style=\"font-weight: 400;\" aria-level=\"2\">ograniczenia przetwarzania danych \u2013 zgodnie z art. 18 RODO,<\/li>\n<li style=\"font-weight: 400;\" aria-level=\"2\">przenoszenia danych \u2013 zgodnie z art. 20 RODO,<\/li>\n<li style=\"font-weight: 400;\" aria-level=\"2\">wniesienia sprzeciwu wobec przetwarzania danych \u2013 zgodnie z art. 21 RODO,<\/li>\n<li style=\"font-weight: 400;\" aria-level=\"2\">cofni\u0119cia wyra\u017conej zgody w dowolnym momencie, przy czym cofni\u0119cie zgody pozostaje bez wp\u0142ywu na zgodno\u015b\u0107 z prawem przetwarzania, kt\u00f3rego dokonano na podstawie zgody przed jej cofni\u0119ciem \u2013 zgodnie z art. 7 ust. 3 RODO,<\/li>\n<li style=\"font-weight: 400;\" aria-level=\"2\">wniesienia skargi do organu nadzoru \u2013 zgodnie z art. 77 RODO.<\/li>\n<\/ol>\n<\/li>\n<li style=\"font-weight: 400;\" aria-level=\"1\">Administrator rozpatruje zg\u0142oszone \u017c\u0105dania niezw\u0142ocznie, nie p\u00f3\u017aniej jednak ni\u017c w ci\u0105gu miesi\u0105ca od chwili ich otrzymania. Je\u017celi jednak \u2013 z uwagi na skomplikowany charakter \u017c\u0105dania lub liczb\u0119 \u017c\u0105da\u0144 \u2013 Administrator nie b\u0119dzie m\u00f3g\u0142 rozpatrzy\u0107 \u017c\u0105dania U\u017cytkownika we wskazanym terminie, to poinformuje U\u017cytkownika o zamierzonym przed\u0142u\u017ceniu terminu i wska\u017ce termin rozpatrzenia zg\u0142oszenia, nie d\u0142u\u017cszy jednak ni\u017c 2 miesi\u0105ce.<\/li>\n<li style=\"font-weight: 400;\" aria-level=\"1\">Administrator informuje o sprostowaniu lub usuni\u0119ciu danych osobowych lub ograniczeniu przetwarzania, kt\u00f3rych dokona\u0142 zgodnie z \u017c\u0105daniem U\u017cytkownika ka\u017cdego odbiorc\u0119, kt\u00f3remu ujawniono dane osobowe, chyba \u017ce oka\u017ce si\u0119 to niemo\u017cliwe lub b\u0119dzie wymaga\u0107 niewsp\u00f3\u0142miernie du\u017cego wysi\u0142ku.<\/li>\n<\/ol>\n<p><b>VII. Udost\u0119pnienie informacji<\/b><\/p>\n<ol>\n<li style=\"font-weight: 400;\" aria-level=\"1\">W celu realizacji umowy Administrator mo\u017ce udost\u0119pnia\u0107 zebrane od U\u017cytkownik\u00f3w dane do podmiot\u00f3w obejmuj\u0105cych w szczeg\u00f3lno\u015bci: pracownik\u00f3w, wsp\u00f3\u0142pracownik\u00f3w, podmioty \u015bwiadcz\u0105ce na rzecz Administratora us\u0142ugi prawne, obs\u0142ug\u0119 IT, operator\u00f3w system\u00f3w p\u0142atno\u015bci on-line, biuro rachunkowe prowadz\u0105ce ksi\u0119gowo\u015b\u0107 Administratora, podmioty trzecie, przez kt\u00f3re rozumie si\u0119 Partnera lub Wykonawc\u0119, zgodnie z definicj\u0105 zawart\u0105 w Regulaminie Serwisu.<\/li>\n<li style=\"font-weight: 400;\" aria-level=\"1\">W takich przypadkach ilo\u015b\u0107 przekazywanych danych ograniczona jest do wymaganego minimum. Ponadto, podane przez U\u017cytkownik\u00f3w informacje mog\u0105 zosta\u0107 udost\u0119pnione w\u0142a\u015bciwym organom w\u0142adzy publicznej, je\u017celi wymagaj\u0105 tego obowi\u0105zuj\u0105ce przepisy prawa.<\/li>\n<li style=\"font-weight: 400;\" aria-level=\"1\">Odbiorcom niewskazanym powy\u017cej przetwarzane dane osobowe nie s\u0105 udost\u0119pniane na zewn\u0105trz w formie, kt\u00f3ra pozwala\u0142by na jak\u0105kolwiek identyfikacj\u0119 U\u017cytkownik\u00f3w, chyba \u017ce U\u017cytkownik wyrazi\u0142 na to zgod\u0119.<\/li>\n<li style=\"font-weight: 400;\" aria-level=\"1\">Dane osobowe U\u017cytkownik\u00f3w nie b\u0119d\u0105 przekazywane do pa\u0144stw spoza Europejskiego Obszaru Gospodarczego.<\/li>\n<\/ol>\n<p><b>VIII. Pliki Cookies i spos\u00f3b ich wykorzystywania<\/b><\/p>\n<ol>\n<li style=\"font-weight: 400;\" aria-level=\"1\">Podczas korzystania z Serwisu na urz\u0105dzeniu ko\u0144cowym U\u017cytkownika zapisywane s\u0105 niewielkie pliki, w szczeg\u00f3lno\u015bci pliki tekstowe, kt\u00f3re zawieraj\u0105 informacje umo\u017cliwiaj\u0105ce zapami\u0119tanie danych logowania, ostatnio wybranych produkt\u00f3w, produkt\u00f3w znajduj\u0105cych si\u0119 w koszyku U\u017cytkownika (dalej: \u201epliki cookies\u201d). Pliki cookies umo\u017cliwiaj\u0105 tak\u017ce zebranie danych statystycznych, o kt\u00f3rym mowa w pkt 2 poni\u017cej.<\/li>\n<li style=\"font-weight: 400;\" aria-level=\"1\">Pliki cookies nie zawieraj\u0105 danych identyfikuj\u0105cych U\u017cytkownika, co oznacza, i\u017c na ich podstawie nie jest mo\u017cliwe ustalenie jego to\u017csamo\u015bci. Pliki u\u017cywane przez Serwis nie s\u0105 w \u017caden spos\u00f3b szkodliwe dla U\u017cytkownika ani urz\u0105dzenia i nie ingeruj\u0105 w jego oprogramowanie ani ustawienia.<\/li>\n<li style=\"font-weight: 400;\" aria-level=\"1\">System cookies nie przeszkadza w dzia\u0142aniu komputera U\u017cytkownika i mo\u017cna go wy\u0142\u0105czy\u0107.<\/li>\n<li style=\"font-weight: 400;\" aria-level=\"1\">Pliki typu cookies umo\u017cliwiaj\u0105:\u00a0\n<ol>\n<li style=\"font-weight: 400;\" aria-level=\"2\">utrzymanie sesji U\u017cytkownika (po zalogowaniu) dzi\u0119ki kt\u00f3rej U\u017cytkownik nie musi na ka\u017cdej podstronie Serwisu ponownie wpisywa\u0107 Loginu i Has\u0142a;<\/li>\n<li style=\"font-weight: 400;\" aria-level=\"2\">tworzenie statystyk ogl\u0105dalno\u015bci podstron Serwisu.<\/li>\n<\/ol>\n<\/li>\n<li style=\"font-weight: 400;\" aria-level=\"1\">Przypominamy, i\u017c zasadniczo przegl\u0105darki w ustawieniach domy\u015blnych maj\u0105 zaznaczon\u0105 opcj\u0119 umo\u017cliwiaj\u0105c\u0105 zapisywanie plik\u00f3w cookies.<\/li>\n<li style=\"font-weight: 400;\" aria-level=\"1\">Je\u017celi U\u017cytkownik nie wyra\u017ca zgody na zapisywanie tych plik\u00f3w na urz\u0105dzeniu ko\u0144cowym, U\u017cytkownik powinien zmieni\u0107 ustawienia przegl\u0105darki internetowej, z kt\u00f3rej korzysta.<\/li>\n<li style=\"font-weight: 400;\" aria-level=\"1\">Uniemo\u017cliwienie zapisywania plik\u00f3w cookies mo\u017ce polega\u0107 na:\u00a0\n<ol>\n<li style=\"font-weight: 400;\" aria-level=\"2\">niezapisywaniu plik\u00f3w cookies na urz\u0105dzeniu ko\u0144cowym;<\/li>\n<li style=\"font-weight: 400;\" aria-level=\"2\">ka\u017cdorazowym informowaniu U\u017cytkownika o zapisaniu danego pliku cookie na urz\u0105dzeniu; usuwaniu plik\u00f3w po skorzystaniu z Serwisu.<\/li>\n<\/ol>\n<\/li>\n<li style=\"font-weight: 400;\" aria-level=\"1\">Aby skorzysta\u0107 z odpowiedniej dla U\u017cytkownika opcji, nale\u017cy zapozna\u0107 si\u0119 z informacjami o zarz\u0105dzaniu plikami cookies, kt\u00f3re znajduj\u0105 si\u0119 najcz\u0119\u015bciej w \u201eUstawieniach\u201d przegl\u0105darki lub w zak\u0142adce \u201ePomoc\u201d.<\/li>\n<li style=\"font-weight: 400;\" aria-level=\"1\">Administrator informuje i\u017c w przypadku, w kt\u00f3rym pliki s\u0105 konieczne do dzia\u0142ania Serwisu ograniczenie ich wykorzystywania mo\u017ce utrudni\u0107 korzystania z Serwisu.<\/li>\n<li style=\"font-weight: 400;\" aria-level=\"1\">Ustawienia przegl\u0105darki urz\u0105dzenia U\u017cytkownik\u00f3w powinny zezwala\u0107 na zapisywanie plik\u00f3w cookies oraz powinny zezwala\u0107 na wyra\u017cenie zgody poprzez klikni\u0119cie opcji \u201eok\u201d w oknie pojawiaj\u0105cym si\u0119 po wej\u015bciu do Serwisu z informacj\u0105: \u201eTa strona korzysta z ciasteczek, aby \u015bwiadczy\u0107 us\u0142ugi na najwy\u017cszym poziomie. Dalsze korzystanie ze strony jest r\u00f3wnoznaczne z tym, \u017ce zgadzasz si\u0119 na ich u\u017cycie \u2013 pliki te b\u0119d\u0105 zapisywane na urz\u0105dzeniu ko\u0144cowym\u201d.<\/li>\n<\/ol>\n<ol>\n<li><b> Zmiana polityki prywatno\u015bci i cookies<\/b><\/li>\n<li style=\"font-weight: 400;\" aria-level=\"1\">Administrator ma uprawnienie do zmiany niniejszego dokumentu, o czym U\u017cytkownik zostanie powiadomiony w spos\u00f3b umo\u017cliwiaj\u0105cy zapoznanie si\u0119 ze zmianami zanim wejd\u0105 one w \u017cycie, np. poprzez zamieszczenie odpowiednich informacji na g\u0142\u00f3wnych stronach Serwisu, a w przypadku istotnych zmian tak\u017ce poprzez wys\u0142anie powiadomienia na wskazany przez U\u017cytkownika adres e-mail.<\/li>\n<li style=\"font-weight: 400;\" aria-level=\"1\">Dalsze korzystanie z Serwisu po publikacji lub wys\u0142aniu powiadomienia o zmianach niniejszego dokumentu uwa\u017cane jest za wyra\u017cenie zgody na gromadzenie, wykorzystywanie i udost\u0119pnianie danych osobowych U\u017cytkownika wed\u0142ug zaktualizowanej tre\u015bci dokumentu.<\/li>\n<li style=\"font-weight: 400;\" aria-level=\"1\">Niniejszy dokument nie ogranicza jakichkolwiek uprawnie\u0144 przys\u0142uguj\u0105cych U\u017cytkownikowi zgodnie z powszechnie obowi\u0105zuj\u0105cymi przepisami prawa.<\/li>\n<\/ol><p>\u00a0<\/p>","protected":false},"excerpt":{"rendered":"<p>Definicje i informacje og\u00f3lne Administrator\u00a0\u2013 Administratorem danych osobowych jest INDIVIDUELLE Sp. z o.o. z siedzib\u0105 w Gda\u0144sku, Lucyny Krzemienieckiej 9A, 80-448 Gda\u0144sk, wpisana do rejestru przedsi\u0119biorc\u00f3w Krajowego Rejestru S\u0105dowego pod nr 0000701199, akta rejestrowe z\u0142o\u017cone w S\u0105dzie Rejonowy Gda\u0144sk-P\u00f3\u0142noc w Gda\u0144sku, VII Wydzia\u0142 Gospodarczy KRS, NIP: 5833269958, REGON: 368597850, nr BDO: 000613175, e-mail: shop@kanga.exchange Dane [&hellip;]<\/p>\n","protected":false},"author":1,"featured_media":0,"parent":0,"menu_order":0,"comment_status":"closed","ping_status":"closed","template":"","meta":{"inline_featured_image":false,"footnotes":""},"class_list":["post-5976","page","type-page","status-publish","hentry"],"_links":{"self":[{"href":"https:\/\/kanga.exchange\/shop\/wp-json\/wp\/v2\/pages\/5976","targetHints":{"allow":["GET"]}}],"collection":[{"href":"https:\/\/kanga.exchange\/shop\/wp-json\/wp\/v2\/pages"}],"about":[{"href":"https:\/\/kanga.exchange\/shop\/wp-json\/wp\/v2\/types\/page"}],"author":[{"embeddable":true,"href":"https:\/\/kanga.exchange\/shop\/wp-json\/wp\/v2\/users\/1"}],"replies":[{"embeddable":true,"href":"https:\/\/kanga.exchange\/shop\/wp-json\/wp\/v2\/comments?post=5976"}],"version-history":[{"count":8,"href":"https:\/\/kanga.exchange\/shop\/wp-json\/wp\/v2\/pages\/5976\/revisions"}],"predecessor-version":[{"id":11792,"href":"https:\/\/kanga.exchange\/shop\/wp-json\/wp\/v2\/pages\/5976\/revisions\/11792"}],"wp:attachment":[{"href":"https:\/\/kanga.exchange\/shop\/wp-json\/wp\/v2\/media?parent=5976"}],"curies":[{"name":"wp","href":"https:\/\/api.w.org\/{rel}","templated":true}]}}