{"id":5963,"date":"2018-08-02T14:45:08","date_gmt":"2018-08-02T12:45:08","guid":{"rendered":"https:\/\/kanga.exchange\/shop\/o-nas\/"},"modified":"2025-05-21T14:08:20","modified_gmt":"2025-05-21T12:08:20","slug":"o-nas","status":"publish","type":"page","link":"https:\/\/kanga.exchange\/shop\/o-nas\/","title":{"rendered":"O nas"},"content":{"rendered":"\t\t<div data-elementor-type=\"wp-page\" data-elementor-id=\"5963\" class=\"elementor elementor-5963 elementor-173\" data-elementor-post-type=\"page\">\n\t\t\t\t<div class=\"elementor-element elementor-element-664a4e2 e-flex e-con-boxed e-con e-parent\" data-id=\"664a4e2\" data-element_type=\"container\">\r\n\t\t\t\t\t<div class=\"e-con-inner\">\r\n\t\t\t\t<div class=\"elementor-element elementor-element-07cd015 elementor-widget elementor-widget-text-editor\" data-id=\"07cd015\" data-element_type=\"widget\" data-widget_type=\"text-editor.default\">\n\t\t\t\t<div class=\"elementor-widget-container\">\n\t\t\t\t\t\t\t\t\t<p><strong>Witaj w Kanga Shop \u2013 \u017ar\u00f3dle produkt\u00f3w dla entuzjast\u00f3w \u015bwiata kryptowalut!<\/strong><\/p><p>Chcesz do\u015bwiadczy\u0107 jako\u015bci na najwy\u017cszym poziomie? Jeste\u015b we w\u0142a\u015bciwym miejscu! Ka\u017cdy nasz produkt zosta\u0142 starannie wyselekcjonowany, by sprosta\u0107 oczekiwaniom najbardziej wymagaj\u0105cych odbiorc\u00f3w.<\/p><p>Twoje zadowolenie to nasz priorytet. Dlatego oferujemy Ci nie tylko doskona\u0142e produkty, ale tak\u017ce wsparcie na ka\u017cdym etapie zakup\u00f3w. Wysy\u0142amy produkty we wtorki oraz pi\u0105tki, aby zapewni\u0107 szybkie i niezawodne dostawy.<\/p><p>Odkryj \u015bwiat kryptowalut z Kanga Shop i do\u0142\u0105cz do grona naszych zadowolonych klient\u00f3w!<\/p>\t\t\t\t\t\t\t\t<\/div>\n\t\t\t\t<\/div>\n\t\t\t\t\t<\/div>\n\t\t\t\t<\/div>\n\t\t\t\t<\/div>\n\t\t","protected":false},"excerpt":{"rendered":"<p>Witaj w Kanga Shop \u2013 \u017ar\u00f3dle produkt\u00f3w dla entuzjast\u00f3w \u015bwiata kryptowalut! Chcesz do\u015bwiadczy\u0107 jako\u015bci na najwy\u017cszym poziomie? Jeste\u015b we w\u0142a\u015bciwym miejscu! Ka\u017cdy nasz produkt zosta\u0142 starannie wyselekcjonowany, by sprosta\u0107 oczekiwaniom najbardziej wymagaj\u0105cych odbiorc\u00f3w. Twoje zadowolenie to nasz priorytet. Dlatego oferujemy Ci nie tylko doskona\u0142e produkty, ale tak\u017ce wsparcie na ka\u017cdym etapie zakup\u00f3w. Wysy\u0142amy produkty we [&hellip;]<\/p>\n","protected":false},"author":1,"featured_media":0,"parent":0,"menu_order":0,"comment_status":"closed","ping_status":"closed","template":"","meta":{"inline_featured_image":false,"footnotes":""},"class_list":["post-5963","page","type-page","status-publish","hentry"],"_links":{"self":[{"href":"https:\/\/kanga.exchange\/shop\/wp-json\/wp\/v2\/pages\/5963","targetHints":{"allow":["GET"]}}],"collection":[{"href":"https:\/\/kanga.exchange\/shop\/wp-json\/wp\/v2\/pages"}],"about":[{"href":"https:\/\/kanga.exchange\/shop\/wp-json\/wp\/v2\/types\/page"}],"author":[{"embeddable":true,"href":"https:\/\/kanga.exchange\/shop\/wp-json\/wp\/v2\/users\/1"}],"replies":[{"embeddable":true,"href":"https:\/\/kanga.exchange\/shop\/wp-json\/wp\/v2\/comments?post=5963"}],"version-history":[{"count":14,"href":"https:\/\/kanga.exchange\/shop\/wp-json\/wp\/v2\/pages\/5963\/revisions"}],"predecessor-version":[{"id":11769,"href":"https:\/\/kanga.exchange\/shop\/wp-json\/wp\/v2\/pages\/5963\/revisions\/11769"}],"wp:attachment":[{"href":"https:\/\/kanga.exchange\/shop\/wp-json\/wp\/v2\/media?parent=5963"}],"curies":[{"name":"wp","href":"https:\/\/api.w.org\/{rel}","templated":true}]}}